Last updated on 2025-10-27 06:49:05 CET.
| Flavor | Version | Tinstall | Tcheck | Ttotal | Status | Flags |
|---|---|---|---|---|---|---|
| r-devel-linux-x86_64-debian-clang | 0.0.3 | 116.92 | 693.63 | 810.55 | OK | |
| r-devel-linux-x86_64-debian-gcc | 0.0.3 | 106.64 | 221.21 | 327.85 | OK | |
| r-devel-linux-x86_64-fedora-clang | 0.0.3 | 258.00 | 1186.46 | 1444.46 | OK | |
| r-devel-linux-x86_64-fedora-gcc | 0.0.3 | 388.00 | 394.12 | 782.12 | OK | |
| r-devel-windows-x86_64 | 0.0.3 | 146.00 | 524.00 | 670.00 | OK | |
| r-patched-linux-x86_64 | 0.0.3 | 141.66 | 308.34 | 450.00 | OK | |
| r-release-linux-x86_64 | 0.0.3 | 147.69 | 310.18 | 457.87 | OK | |
| r-release-macos-arm64 | 0.0.3 | 58.00 | 164.00 | 222.00 | OK | |
| r-release-macos-x86_64 | 0.0.3 | 104.00 | 431.00 | 535.00 | OK | |
| r-release-windows-x86_64 | 0.0.3 | 135.00 | 478.00 | 613.00 | OK | |
| r-oldrel-macos-arm64 | 0.0.3 | 25.00 | 105.00 | 130.00 | NOTE | |
| r-oldrel-macos-x86_64 | 0.0.3 | 49.00 | 185.00 | 234.00 | NOTE | |
| r-oldrel-windows-x86_64 | 0.0.3 | 164.00 | 563.00 | 727.00 | NOTE |
Version: 0.0.3
Check: installed package size
Result: NOTE
installed size is 40.5Mb
sub-directories of 1Mb or more:
libs 40.3Mb
Flavors: r-oldrel-macos-arm64, r-oldrel-macos-x86_64
Version: 0.0.3
Check: for GNU extensions in Makefiles
Result: NOTE
GNU make is a SystemRequirements.
Flavors: r-oldrel-macos-arm64, r-oldrel-macos-x86_64, r-oldrel-windows-x86_64