CRAN Package Check Results for Package umbridge

Last updated on 2025-11-15 07:50:26 CET.

Flavor Version Tinstall Tcheck Ttotal Status Flags
r-devel-linux-x86_64-debian-clang 1.0 1.72 20.30 22.02 NOTE
r-devel-linux-x86_64-debian-gcc 1.0 1.55 16.82 18.37 NOTE
r-devel-linux-x86_64-fedora-clang 1.0 32.24 OK
r-devel-linux-x86_64-fedora-gcc 1.0 31.40 OK
r-devel-windows-x86_64 1.0 8.00 41.00 49.00 OK
r-patched-linux-x86_64 1.0 1.91 19.77 21.68 OK
r-release-linux-x86_64 1.0 1.75 19.56 21.31 OK
r-release-macos-arm64 1.0 2.00 29.00 31.00 OK
r-release-macos-x86_64 1.0 2.00 35.00 37.00 OK
r-release-windows-x86_64 1.0 4.00 40.00 44.00 OK
r-oldrel-macos-arm64 1.0 1.00 25.00 26.00 OK
r-oldrel-macos-x86_64 1.0 2.00 29.00 31.00 OK
r-oldrel-windows-x86_64 1.0 5.00 45.00 50.00 OK

Check Details

Version: 1.0
Check: CRAN incoming feasibility
Result: NOTE Maintainer: ‘Linus Seelinger <mail@linusseelinger.de>’ The BugReports field in DESCRIPTION has https://github.com/um-bridge which should likely be https://github.com/um-bridge/issues instead. Flavors: r-devel-linux-x86_64-debian-clang, r-devel-linux-x86_64-debian-gcc