Last updated on 2025-02-22 07:51:50 CET.
Flavor | Version | Tinstall | Tcheck | Ttotal | Status | Flags |
---|---|---|---|---|---|---|
r-devel-linux-x86_64-debian-clang | 1.0.0 | 4.42 | 94.51 | 98.93 | NOTE | |
r-devel-linux-x86_64-debian-gcc | 1.0.0 | 3.16 | 61.70 | 64.86 | NOTE | |
r-devel-linux-x86_64-fedora-clang | 1.0.0 | 170.25 | NOTE | |||
r-devel-linux-x86_64-fedora-gcc | 1.0.0 | 165.62 | NOTE | |||
r-devel-macos-arm64 | 1.0.0 | 54.00 | OK | |||
r-devel-macos-x86_64 | 1.0.0 | 111.00 | NOTE | |||
r-devel-windows-x86_64 | 1.0.0 | 6.00 | 132.00 | 138.00 | NOTE | |
r-patched-linux-x86_64 | 1.0.0 | 4.71 | 90.08 | 94.79 | OK | |
r-release-linux-x86_64 | 1.0.0 | 4.50 | 91.13 | 95.63 | OK | |
r-release-macos-arm64 | 1.0.0 | 54.00 | OK | |||
r-release-macos-x86_64 | 1.0.0 | 99.00 | OK | |||
r-release-windows-x86_64 | 1.0.0 | 6.00 | 111.00 | 117.00 | OK | |
r-oldrel-macos-arm64 | 1.0.0 | 75.00 | OK | |||
r-oldrel-macos-x86_64 | 1.0.0 | 150.00 | OK | |||
r-oldrel-windows-x86_64 | 1.0.0 | 7.00 | 137.00 | 144.00 | OK |
Version: 1.0.0
Check: DESCRIPTION meta-information
Result: NOTE
Missing dependency on R >= 4.1.0 because package code uses the pipe
|> or function shorthand \(...) syntax added in R 4.1.0.
File(s) using such syntax:
‘unm_summary.R’
Flavors: r-devel-linux-x86_64-debian-clang, r-devel-linux-x86_64-debian-gcc, r-devel-linux-x86_64-fedora-clang, r-devel-linux-x86_64-fedora-gcc, r-devel-macos-x86_64, r-devel-windows-x86_64