Last updated on 2024-06-04 18:48:02 CEST.
Flavor | Version | Tinstall | Tcheck | Ttotal | Status | Flags |
---|---|---|---|---|---|---|
r-devel-linux-x86_64-debian-clang | 1.0.1 | 2.41 | 22.65 | 25.06 | OK | |
r-devel-linux-x86_64-debian-gcc | 1.0.1 | 1.69 | 17.52 | 19.21 | OK | |
r-devel-linux-x86_64-fedora-clang | 1.0.1 | 32.39 | NOTE | |||
r-devel-linux-x86_64-fedora-gcc | 1.0.1 | 29.73 | NOTE | |||
r-devel-windows-x86_64 | 1.0.1 | 3.00 | 40.00 | 43.00 | OK | |
r-patched-linux-x86_64 | 1.0.1 | 2.25 | 21.98 | 24.23 | OK | |
r-release-linux-x86_64 | 1.0.1 | 1.35 | 21.33 | 22.68 | OK | |
r-release-macos-arm64 | 1.0.1 | 15.00 | OK | |||
r-release-windows-x86_64 | 1.0.1 | 3.00 | 98.00 | 101.00 | OK | |
r-oldrel-macos-arm64 | 1.0.1 | 16.00 | OK | |||
r-oldrel-macos-x86_64 | 1.0.1 | 20.00 | OK | |||
r-oldrel-windows-x86_64 | 1.0.1 | 4.00 | 40.00 | 44.00 | OK |
Version: 1.0.1
Check: data for non-ASCII characters
Result: NOTE
Note: found 2 marked UTF-8 strings
Flavors: r-devel-linux-x86_64-fedora-clang, r-devel-linux-x86_64-fedora-gcc