Last updated on 2025-11-15 07:50:26 CET.
| Flavor | Version | Tinstall | Tcheck | Ttotal | Status | Flags |
|---|---|---|---|---|---|---|
| r-devel-linux-x86_64-debian-clang | 1.15.0 | 81.75 | 194.00 | 275.75 | OK | |
| r-devel-linux-x86_64-debian-gcc | 1.15.0 | 63.23 | 148.33 | 211.56 | OK | |
| r-devel-linux-x86_64-fedora-clang | 1.15.0 | 160.00 | 308.21 | 468.21 | OK | |
| r-devel-linux-x86_64-fedora-gcc | 1.15.0 | 164.00 | 303.84 | 467.84 | OK | |
| r-devel-windows-x86_64 | 1.15.0 | 119.00 | 236.00 | 355.00 | OK | |
| r-patched-linux-x86_64 | 1.15.0 | 91.66 | 186.62 | 278.28 | OK | |
| r-release-linux-x86_64 | 1.15.0 | 89.43 | 186.67 | 276.10 | OK | |
| r-release-macos-arm64 | 1.15.0 | 38.00 | 125.00 | 163.00 | OK | |
| r-release-macos-x86_64 | 1.15.0 | 39.00 | 178.00 | 217.00 | OK | |
| r-release-windows-x86_64 | 1.15.0 | 108.00 | 242.00 | 350.00 | OK | |
| r-oldrel-macos-arm64 | 1.15.0 | 33.00 | 93.00 | 126.00 | NOTE | |
| r-oldrel-macos-x86_64 | 1.15.0 | 31.00 | 179.00 | 210.00 | NOTE | |
| r-oldrel-windows-x86_64 | 1.15.0 | 127.00 | 302.00 | 429.00 | OK |
Version: 1.15.0
Check: installed package size
Result: NOTE
installed size is 6.6Mb
sub-directories of 1Mb or more:
libs 4.6Mb
Flavors: r-oldrel-macos-arm64, r-oldrel-macos-x86_64