Last updated on 2025-02-22 07:51:50 CET.
Flavor | Version | Tinstall | Tcheck | Ttotal | Status | Flags |
---|---|---|---|---|---|---|
r-devel-linux-x86_64-debian-clang | 0.4.1 | 15.83 | 83.56 | 99.39 | NOTE | |
r-devel-linux-x86_64-debian-gcc | 0.4.1 | 9.78 | 56.52 | 66.30 | NOTE | |
r-devel-linux-x86_64-fedora-clang | 0.4.1 | 154.08 | NOTE | |||
r-devel-linux-x86_64-fedora-gcc | 0.4.1 | 146.76 | NOTE | |||
r-devel-macos-arm64 | 0.4.1 | 45.00 | OK | |||
r-devel-macos-x86_64 | 0.4.1 | 75.00 | NOTE | |||
r-devel-windows-x86_64 | 0.4.1 | 17.00 | 92.00 | 109.00 | NOTE | |
r-patched-linux-x86_64 | 0.4.1 | 15.38 | 75.54 | 90.92 | OK | |
r-release-linux-x86_64 | 0.4.1 | 14.27 | 77.54 | 91.81 | OK | |
r-release-macos-arm64 | 0.4.1 | 43.00 | OK | |||
r-release-macos-x86_64 | 0.4.1 | 62.00 | OK | |||
r-release-windows-x86_64 | 0.4.1 | 18.00 | 91.00 | 109.00 | OK | |
r-oldrel-macos-arm64 | 0.4.1 | 42.00 | OK | |||
r-oldrel-macos-x86_64 | 0.4.1 | 62.00 | OK | |||
r-oldrel-windows-x86_64 | 0.4.1 | 22.00 | 109.00 | 131.00 | OK |
Version: 0.4.1
Check: DESCRIPTION meta-information
Result: NOTE
Missing dependency on R >= 4.1.0 because package code uses the pipe
|> or function shorthand \(...) syntax added in R 4.1.0.
File(s) using such syntax:
‘functions_upload.R’ ‘mod_hidecan.R’
Flavors: r-devel-linux-x86_64-debian-clang, r-devel-linux-x86_64-debian-gcc, r-devel-linux-x86_64-fedora-clang, r-devel-linux-x86_64-fedora-gcc, r-devel-macos-x86_64, r-devel-windows-x86_64