Last updated on 2025-02-21 06:49:58 CET.
Flavor | Version | Tinstall | Tcheck | Ttotal | Status | Flags |
---|---|---|---|---|---|---|
r-devel-linux-x86_64-debian-clang | 1.0.0 | 5.97 | 215.42 | 221.39 | NOTE | |
r-devel-linux-x86_64-debian-gcc | 1.0.0 | 4.00 | 144.35 | 148.35 | NOTE | |
r-devel-linux-x86_64-fedora-clang | 1.0.0 | 347.83 | NOTE | |||
r-devel-linux-x86_64-fedora-gcc | 1.0.0 | 340.25 | NOTE | |||
r-devel-macos-arm64 | 1.0.0 | 90.00 | OK | |||
r-devel-macos-x86_64 | 1.0.0 | 187.00 | NOTE | |||
r-devel-windows-x86_64 | 1.0.0 | 7.00 | 162.00 | 169.00 | NOTE | |
r-patched-linux-x86_64 | 1.0.0 | 5.21 | 188.10 | 193.31 | OK | |
r-release-linux-x86_64 | 1.0.0 | 6.18 | 187.52 | 193.70 | OK | |
r-release-macos-arm64 | 1.0.0 | 88.00 | OK | |||
r-release-macos-x86_64 | 1.0.0 | 225.00 | OK | |||
r-release-windows-x86_64 | 1.0.0 | 7.00 | 163.00 | 170.00 | OK | |
r-oldrel-macos-arm64 | 1.0.0 | 88.00 | OK | |||
r-oldrel-macos-x86_64 | 1.0.0 | 161.00 | OK | |||
r-oldrel-windows-x86_64 | 1.0.0 | 10.00 | 225.00 | 235.00 | OK |
Version: 1.0.0
Check: DESCRIPTION meta-information
Result: NOTE
Missing dependency on R >= 4.1.0 because package code uses the pipe
|> or function shorthand \(...) syntax added in R 4.1.0.
File(s) using such syntax:
‘customiseText.R’ ‘datatableInternal.R’ ‘formatEstimateName.R’
‘formatEstimateValue.R’ ‘formatHeader.R’ ‘formatTable.R’ ‘fxTable.R’
‘gtTable.R’ ‘helperFunctions.R’ ‘mockResults.R’ ‘plot.R’ ‘tidy.R’
‘utilities.R’ ‘visOmopTable.R’ ‘visTable.R’
Flavors: r-devel-linux-x86_64-debian-clang, r-devel-linux-x86_64-debian-gcc, r-devel-linux-x86_64-fedora-clang, r-devel-linux-x86_64-fedora-gcc, r-devel-macos-x86_64, r-devel-windows-x86_64