CRAN Package Check Results for Package visStatistics

Last updated on 2025-02-22 19:51:05 CET.

Flavor Version Tinstall Tcheck Ttotal Status Flags
r-devel-linux-x86_64-debian-clang 0.1.1 3.80 30.29 34.09 OK
r-devel-linux-x86_64-debian-gcc 0.1.1 2.31 23.21 25.52 OK
r-devel-linux-x86_64-fedora-clang 0.1.1 54.88 OK
r-devel-linux-x86_64-fedora-gcc 0.1.1 52.09 OK
r-devel-macos-arm64 0.1.1 20.00 OK
r-devel-macos-x86_64 0.1.1 37.00 OK
r-devel-windows-x86_64 0.1.1 5.00 61.00 66.00 OK
r-patched-linux-x86_64 0.1.1 3.51 29.26 32.77 NOTE
r-release-linux-x86_64 0.1.1 3.25 29.12 32.37 NOTE
r-release-macos-arm64 0.1.1 21.00 NOTE
r-release-macos-x86_64 0.1.1 29.00 NOTE
r-release-windows-x86_64 0.1.1 6.00 50.00 56.00 NOTE
r-oldrel-macos-arm64 0.1.1 20.00 NOTE
r-oldrel-macos-x86_64 0.1.1 31.00 NOTE
r-oldrel-windows-x86_64 0.1.1 6.00 54.00 60.00 NOTE

Check Details

Version: 0.1.1
Check: LazyData
Result: NOTE 'LazyData' is specified without a 'data' directory Flavors: r-patched-linux-x86_64, r-release-linux-x86_64, r-release-macos-arm64, r-release-macos-x86_64, r-release-windows-x86_64, r-oldrel-macos-arm64, r-oldrel-macos-x86_64, r-oldrel-windows-x86_64