Last updated on 2025-02-22 07:51:51 CET.
Flavor | Version | Tinstall | Tcheck | Ttotal | Status | Flags |
---|---|---|---|---|---|---|
r-devel-linux-x86_64-debian-clang | 1.3.5 | 13.83 | 122.83 | 136.66 | NOTE | |
r-devel-linux-x86_64-debian-gcc | 1.3.5 | 8.46 | 87.93 | 96.39 | NOTE | |
r-devel-linux-x86_64-fedora-clang | 1.3.5 | 213.27 | NOTE | |||
r-devel-linux-x86_64-fedora-gcc | 1.3.5 | 199.29 | NOTE | |||
r-devel-macos-arm64 | 1.3.5 | 61.00 | NOTE | |||
r-devel-macos-x86_64 | 1.3.5 | 115.00 | NOTE | |||
r-devel-windows-x86_64 | 1.3.5 | 14.00 | 127.00 | 141.00 | NOTE | |
r-patched-linux-x86_64 | 1.3.5 | 12.15 | 113.31 | 125.46 | NOTE | |
r-release-linux-x86_64 | 1.3.5 | 13.56 | 112.41 | 125.97 | NOTE | |
r-release-macos-arm64 | 1.3.5 | 60.00 | NOTE | |||
r-release-macos-x86_64 | 1.3.5 | 97.00 | NOTE | |||
r-release-windows-x86_64 | 1.3.5 | 15.00 | 125.00 | 140.00 | NOTE | |
r-oldrel-macos-arm64 | 1.3.5 | 66.00 | NOTE | |||
r-oldrel-macos-x86_64 | 1.3.5 | 99.00 | NOTE | |||
r-oldrel-windows-x86_64 | 1.3.5 | 19.00 | 165.00 | 184.00 | NOTE |
Version: 1.3.5
Check: package subdirectories
Result: NOTE
Problems with news in ‘NEWS.md’:
No news entries found.
Flavors: r-devel-linux-x86_64-debian-clang, r-devel-linux-x86_64-debian-gcc, r-devel-linux-x86_64-fedora-clang, r-devel-linux-x86_64-fedora-gcc, r-devel-macos-arm64, r-devel-macos-x86_64, r-devel-windows-x86_64, r-patched-linux-x86_64, r-release-linux-x86_64, r-release-macos-arm64, r-release-macos-x86_64, r-release-windows-x86_64, r-oldrel-macos-arm64, r-oldrel-macos-x86_64, r-oldrel-windows-x86_64
Version: 1.3.5
Check: dependencies in R code
Result: NOTE
Namespace in Imports field not imported from: ‘methods’
All declared Imports should be used.
Flavors: r-devel-linux-x86_64-fedora-clang, r-devel-linux-x86_64-fedora-gcc
Version: 1.3.5
Check: LazyData
Result: NOTE
'LazyData' is specified without a 'data' directory
Flavors: r-patched-linux-x86_64, r-release-linux-x86_64, r-release-macos-arm64, r-release-macos-x86_64, r-release-windows-x86_64, r-oldrel-macos-arm64, r-oldrel-macos-x86_64, r-oldrel-windows-x86_64