Last updated on 2025-11-11 07:51:48 CET.
| Flavor | Version | Tinstall | Tcheck | Ttotal | Status | Flags |
|---|---|---|---|---|---|---|
| r-devel-linux-x86_64-debian-clang | 0.2.5.1 | 7.86 | 46.70 | 54.56 | OK | |
| r-devel-linux-x86_64-debian-gcc | 0.2.5.1 | 5.84 | 35.07 | 40.91 | OK | |
| r-devel-linux-x86_64-fedora-clang | 0.2.5.1 | 15.00 | 63.65 | 78.65 | NOTE | |
| r-devel-linux-x86_64-fedora-gcc | 0.2.5.1 | 14.00 | 75.37 | 89.37 | NOTE | |
| r-devel-windows-x86_64 | 0.2.5.1 | 11.00 | 64.00 | 75.00 | OK | |
| r-patched-linux-x86_64 | 0.2.5.1 | 7.73 | 42.37 | 50.10 | OK | |
| r-release-linux-x86_64 | 0.2.5.1 | 7.77 | 42.34 | 50.11 | OK | |
| r-release-macos-arm64 | 0.2.5.1 | 4.00 | 28.00 | 32.00 | OK | |
| r-release-macos-x86_64 | 0.2.5.1 | 7.00 | 51.00 | 58.00 | OK | |
| r-release-windows-x86_64 | 0.2.5.1 | 10.00 | 63.00 | 73.00 | OK | |
| r-oldrel-macos-arm64 | 0.2.5.1 | 3.00 | 33.00 | 36.00 | OK | |
| r-oldrel-macos-x86_64 | 0.2.5.1 | 8.00 | 60.00 | 68.00 | OK | |
| r-oldrel-windows-x86_64 | 0.2.5.1 | 13.00 | 74.00 | 87.00 | OK |
Version: 0.2.5.1
Check: dependencies in R code
Result: NOTE
Namespace in Imports field not imported from: ‘R6’
All declared Imports should be used.
Flavors: r-devel-linux-x86_64-fedora-clang, r-devel-linux-x86_64-fedora-gcc