Last updated on 2025-11-11 18:50:11 CET.
| Flavor | Version | Tinstall | Tcheck | Ttotal | Status | Flags |
|---|---|---|---|---|---|---|
| r-devel-linux-x86_64-debian-clang | 0.8.1 | 33.64 | 196.37 | 230.01 | NOTE | |
| r-devel-linux-x86_64-debian-gcc | 0.8.1 | 23.92 | 141.52 | 165.44 | NOTE | |
| r-devel-linux-x86_64-fedora-clang | 0.8.1 | 71.00 | 206.26 | 277.26 | NOTE | |
| r-devel-linux-x86_64-fedora-gcc | 0.8.1 | 70.00 | 264.32 | 334.32 | NOTE | |
| r-devel-windows-x86_64 | 0.8.1 | 30.00 | 162.00 | 192.00 | NOTE | |
| r-patched-linux-x86_64 | 0.8.1 | 31.78 | 185.26 | 217.04 | NOTE | |
| r-release-linux-x86_64 | 0.8.1 | 30.33 | 185.80 | 216.13 | NOTE | |
| r-release-macos-arm64 | 0.8.1 | 9.00 | 57.00 | 66.00 | NOTE | |
| r-release-macos-x86_64 | 0.8.1 | 18.00 | 144.00 | 162.00 | NOTE | |
| r-release-windows-x86_64 | 0.8.1 | 27.00 | 161.00 | 188.00 | NOTE | |
| r-oldrel-macos-arm64 | 0.8.1 | 6.00 | 49.00 | 55.00 | NOTE | |
| r-oldrel-macos-x86_64 | 0.8.1 | 11.00 | 78.00 | 89.00 | NOTE | |
| r-oldrel-windows-x86_64 | 0.8.1 | 38.00 | 208.00 | 246.00 | NOTE |
Version: 0.8.1
Check: package subdirectories
Result: NOTE
Problems with news in ‘NEWS.md’:
No news entries found.
Flavors: r-devel-linux-x86_64-debian-clang, r-devel-linux-x86_64-debian-gcc, r-devel-linux-x86_64-fedora-clang, r-devel-linux-x86_64-fedora-gcc, r-devel-windows-x86_64, r-patched-linux-x86_64, r-release-linux-x86_64, r-release-macos-arm64, r-release-macos-x86_64, r-release-windows-x86_64, r-oldrel-macos-arm64, r-oldrel-macos-x86_64, r-oldrel-windows-x86_64