CRAN Package Check Results for Package wec

Last updated on 2025-07-18 06:51:35 CEST.

Flavor Version Tinstall Tcheck Ttotal Status Flags
r-devel-linux-x86_64-debian-clang 0.4-1 3.91 34.38 38.29 NOTE
r-devel-linux-x86_64-debian-gcc 0.4-1 2.92 26.38 29.30 NOTE
r-devel-linux-x86_64-fedora-clang 0.4-1 58.64 OK
r-devel-linux-x86_64-fedora-gcc 0.4-1 54.96 OK
r-devel-windows-x86_64 0.4-1 5.00 57.00 62.00 OK
r-patched-linux-x86_64 0.4-1 3.59 32.53 36.12 OK
r-release-linux-x86_64 0.4-1 3.59 32.18 35.77 OK
r-release-macos-arm64 0.4-1 23.00 OK
r-release-macos-x86_64 0.4-1 39.00 OK
r-release-windows-x86_64 0.4-1 7.00 57.00 64.00 OK
r-oldrel-macos-arm64 0.4-1 23.00 OK
r-oldrel-macos-x86_64 0.4-1 33.00 OK
r-oldrel-windows-x86_64 0.4-1 6.00 67.00 73.00 OK

Check Details

Version: 0.4-1
Check: CRAN incoming feasibility
Result: NOTE Maintainer: ‘Rense Nieuwenhuis <rense.nieuwenhuis@sofi.su.se>’ No Authors@R field in DESCRIPTION. Please add one, modifying Authors@R: c(person(given = "Rense", family = "Nieuwenhuis", role = c("aut", "cre"), email = "rense.nieuwenhuis@sofi.su.se"), person(given = c("Manfred", "te"), family = "Grotenhuis", role = "aut"), person(given = "Ben", family = "Pelzer", role = "aut"), person(given = "Alexander", family = "Schmidt", role = "aut"), person(given = "Ruben", family = "Konig", role = "aut"), person(given = "Rob", family = "Eisinga", role = "aut")) as necessary. Package CITATION file contains call(s) to old-style personList() or as.personList(). Please use c() on person objects instead. Package CITATION file contains call(s) to old-style citEntry(). Please use bibentry() instead. Flavors: r-devel-linux-x86_64-debian-clang, r-devel-linux-x86_64-debian-gcc