Last updated on 2025-02-22 19:51:06 CET.
Flavor | Version | Tinstall | Tcheck | Ttotal | Status | Flags |
---|---|---|---|---|---|---|
r-devel-linux-x86_64-debian-clang | 1.24.1 | 18.24 | 29.79 | 48.03 | OK | |
r-devel-linux-x86_64-debian-gcc | 1.24.1 | 18.33 | 23.11 | 41.44 | OK | |
r-devel-linux-x86_64-fedora-clang | 1.24.1 | 76.26 | NOTE | |||
r-devel-linux-x86_64-fedora-gcc | 1.24.1 | 75.25 | NOTE | |||
r-devel-macos-arm64 | 1.24.1 | 34.00 | OK | |||
r-devel-macos-x86_64 | 1.24.1 | 53.00 | OK | |||
r-devel-windows-x86_64 | 1.24.1 | 19.00 | 67.00 | 86.00 | OK | |
r-patched-linux-x86_64 | 1.24.1 | 18.48 | 28.52 | 47.00 | OK | |
r-release-linux-x86_64 | 1.24.1 | 17.66 | 28.33 | 45.99 | OK | |
r-release-macos-arm64 | 1.24.1 | 36.00 | OK | |||
r-release-macos-x86_64 | 1.24.1 | 46.00 | OK | |||
r-release-windows-x86_64 | 1.24.1 | 19.00 | 61.00 | 80.00 | OK | |
r-oldrel-macos-arm64 | 1.24.1 | 34.00 | OK | |||
r-oldrel-macos-x86_64 | 1.24.1 | 57.00 | OK | |||
r-oldrel-windows-x86_64 | 1.24.1 | 18.00 | 60.00 | 78.00 | OK |
Version: 1.24.1
Check: dependencies in R code
Result: NOTE
Namespace in Imports field not imported from: ‘methods’
All declared Imports should be used.
Flavors: r-devel-linux-x86_64-fedora-clang, r-devel-linux-x86_64-fedora-gcc