Last updated on 2025-02-22 07:51:51 CET.
Flavor | Version | Tinstall | Tcheck | Ttotal | Status | Flags |
---|---|---|---|---|---|---|
r-devel-linux-x86_64-debian-clang | 1.1-2 | 2.75 | 39.89 | 42.64 | OK | |
r-devel-linux-x86_64-debian-gcc | 1.1-2 | 1.73 | 31.92 | 33.65 | OK | |
r-devel-linux-x86_64-fedora-clang | 1.1-2 | 59.02 | OK | |||
r-devel-linux-x86_64-fedora-gcc | 1.1-2 | 57.73 | OK | |||
r-devel-macos-arm64 | 1.1-2 | 25.00 | OK | |||
r-devel-macos-x86_64 | 1.1-2 | 43.00 | OK | |||
r-devel-windows-x86_64 | 1.1-2 | 5.00 | 68.00 | 73.00 | OK | |
r-patched-linux-x86_64 | 1.1-2 | 2.80 | 38.30 | 41.10 | OK | |
r-release-linux-x86_64 | 1.1-2 | 2.42 | 38.54 | 40.96 | OK | |
r-release-macos-arm64 | 1.1-2 | 25.00 | NOTE | |||
r-release-macos-x86_64 | 1.1-2 | 35.00 | NOTE | |||
r-release-windows-x86_64 | 1.1-2 | 6.00 | 69.00 | 75.00 | NOTE | |
r-oldrel-macos-arm64 | 1.1-2 | 28.00 | NOTE | |||
r-oldrel-macos-x86_64 | 1.1-2 | 37.00 | NOTE | |||
r-oldrel-windows-x86_64 | 1.1-2 | 6.00 | 75.00 | 81.00 | NOTE |
Version: 1.1-2
Check: installed package size
Result: NOTE
installed size is 11.3Mb
sub-directories of 1Mb or more:
data 11.2Mb
Flavors: r-release-macos-arm64, r-release-macos-x86_64, r-release-windows-x86_64, r-oldrel-macos-arm64, r-oldrel-macos-x86_64, r-oldrel-windows-x86_64