Last updated on 2025-10-22 21:50:25 CEST.
Flavor | Version | Tinstall | Tcheck | Ttotal | Status | Flags |
---|---|---|---|---|---|---|
r-devel-linux-x86_64-debian-clang | 0.4.21 | 15.07 | 311.00 | 326.07 | NOTE | |
r-devel-linux-x86_64-debian-gcc | 0.4.21 | 9.16 | 200.60 | 209.76 | OK | |
r-devel-linux-x86_64-fedora-clang | 0.4.21 | 67.00 | 538.76 | 605.76 | OK | |
r-devel-linux-x86_64-fedora-gcc | 0.4.21 | 27.00 | 548.65 | 575.65 | OK | |
r-devel-windows-x86_64 | 0.4.21 | 16.00 | 342.00 | 358.00 | OK | |
r-patched-linux-x86_64 | 0.4.21 | 15.12 | 292.83 | 307.95 | OK | |
r-release-linux-x86_64 | 0.4.21 | 13.58 | 298.09 | 311.67 | OK | |
r-release-macos-arm64 | 0.4.21 | 6.00 | 151.00 | 157.00 | OK | |
r-release-macos-x86_64 | 0.4.21 | 14.00 | 368.00 | 382.00 | OK | |
r-release-windows-x86_64 | 0.4.21 | 18.00 | 324.00 | 342.00 | OK | |
r-oldrel-macos-arm64 | 0.4.21 | 7.00 | 160.00 | 167.00 | OK | |
r-oldrel-macos-x86_64 | 0.4.21 | 13.00 | 340.00 | 353.00 | OK | |
r-oldrel-windows-x86_64 | 0.4.21 | 24.00 | 439.00 | 463.00 | OK |
Version: 0.4.21
Check: HTML version of manual
Result: NOTE
Found the following HTML validation problems:
check_problem.html:54:1 (check_problem.Rd:14): Warning: missing </ul> before </div>
edit_xpose_data.html:76:1 (edit_xpose_data.Rd:28): Warning: missing </ul> before </div>
grab_iter.html:50:1 (grab_iter.Rd:12): Warning: missing </ul> before </div>
xpdb_index_update.html:50:1 (xpdb_index_update.Rd:12): Warning: missing </ul> before </div>
Flavor: r-devel-linux-x86_64-debian-clang