Last updated on 2025-05-19 19:50:35 CEST.
Flavor | Version | Tinstall | Tcheck | Ttotal | Status | Flags |
---|---|---|---|---|---|---|
r-devel-linux-x86_64-debian-clang | 2.0.1 | 5.61 | 90.48 | 96.09 | OK | |
r-devel-linux-x86_64-debian-gcc | 2.0.1 | 3.90 | 58.42 | 62.32 | OK | |
r-devel-linux-x86_64-fedora-clang | 3.0.1 | 175.04 | OK | |||
r-devel-linux-x86_64-fedora-gcc | 3.0.1 | 210.17 | OK | |||
r-devel-windows-x86_64 | 2.0.1 | 6.00 | 102.00 | 108.00 | OK | |
r-patched-linux-x86_64 | 2.0.1 | 5.75 | 87.04 | 92.79 | OK | |
r-release-linux-x86_64 | 2.0.1 | 5.92 | 84.33 | 90.25 | OK | |
r-release-macos-arm64 | 3.0.1 | 56.00 | OK | |||
r-release-macos-x86_64 | 3.0.1 | 180.00 | ERROR | |||
r-release-windows-x86_64 | 2.0.1 | 7.00 | 112.00 | 119.00 | OK | |
r-oldrel-macos-arm64 | 3.0.1 | 61.00 | OK | |||
r-oldrel-macos-x86_64 | 3.0.1 | 203.00 | OK | |||
r-oldrel-windows-x86_64 | 2.0.1 | 10.00 | 127.00 | 137.00 | OK |
Version: 3.0.1
Check: re-building of vignette outputs
Result: ERROR
Error(s) in re-building vignettes:
--- re-building ‘BFI.Rmd’ using rmarkdown
Quitting from BFI.Rmd:52-56 [unnamed-chunk-2]
~~~~~~~~~~~~~~~~~~~~~~~~~~~~~~~~~~~~~~~~~~~~~~~~~~~~~~~~~~~~~~~~~~~~~~~~~~~~~~~~
<error/rlang_error>
Error in `saveRDS()`:
! error writing to connection
---
Backtrace:
▆
1. └─utils::install.packages("BFI")
2. └─utils:::getDependencies(pkgs, dependencies, available, lib, ...)
3. └─utils::installed.packages(...)
4. └─base::saveRDS(list(base = base, value = ret0), dest)
~~~~~~~~~~~~~~~~~~~~~~~~~~~~~~~~~~~~~~~~~~~~~~~~~~~~~~~~~~~~~~~~~~~~~~~~~~~~~~~~
Error: processing vignette 'BFI.Rmd' failed with diagnostics:
error writing to connection
--- failed re-building ‘BFI.Rmd’
--- re-building ‘Python.Rmd’ using rmarkdown
--- finished re-building ‘Python.Rmd’
--- re-building ‘SAS.Rmd’ using rmarkdown
--- finished re-building ‘SAS.Rmd’
SUMMARY: processing the following file failed:
‘BFI.Rmd’
Error: Vignette re-building failed.
Execution halted
Flavor: r-release-macos-x86_64