CRAN Package Check Results for Package BINCOR

Last updated on 2025-05-19 19:50:35 CEST.

Flavor Version Tinstall Tcheck Ttotal Status Flags
r-devel-linux-x86_64-debian-clang 0.2.0 2.07 21.78 23.85 NOTE
r-devel-linux-x86_64-debian-gcc 0.2.0 1.55 17.10 18.65 NOTE
r-devel-linux-x86_64-fedora-clang 0.2.0 39.08 NOTE
r-devel-linux-x86_64-fedora-gcc 0.2.0 35.33 NOTE
r-devel-windows-x86_64 0.2.0 4.00 44.00 48.00 OK
r-patched-linux-x86_64 0.2.0 2.27 21.06 23.33 NOTE
r-release-linux-x86_64 0.2.0 2.02 20.87 22.89 NOTE
r-release-macos-arm64 0.2.0 16.00 OK
r-release-macos-x86_64 0.2.0 36.00 OK
r-release-windows-x86_64 0.2.0 3.00 54.00 57.00 OK
r-oldrel-macos-arm64 0.2.0 20.00 OK
r-oldrel-macos-x86_64 0.2.0 21.00 OK
r-oldrel-windows-x86_64 0.2.0 3.00 48.00 51.00 OK

Check Details

Version: 0.2.0
Check: CRAN incoming feasibility
Result: NOTE Maintainer: ‘Josué M. Polanco-Martínez <josue.m.polanco@gmail.com>’ Found the following (possibly) invalid file URIs: URI: josue.m.polanco@gmail.com From: man/BINCOR-package.Rd URI: josue.m.polanco@gmail.com From: man/bin_cor.Rd URI: josue.m.polanco@gmail.com From: man/ccf_ts.Rd URI: josue.m.polanco@gmail.com From: man/cor_ts.Rd URI: josue.m.polanco@gmail.com From: man/plot_ts.Rd URI: mvkorpel@iki.fi From: man/redfitMinls.Rd URI: mvkorpel@iki.fi From: man/redfitTauest.Rd Flavors: r-devel-linux-x86_64-debian-clang, r-devel-linux-x86_64-debian-gcc

Version: 0.2.0
Check: for non-standard things in the check directory
Result: NOTE Found the following files/directories: ‘ccf_ccf_ID31_ID32_res.jpg’ ‘ccf_ccf_ID31_ID32_res.pdf’ ‘output_ENSO_NHSST.tmp’ ‘plot_plot_ts_RAW_BIN_enso_sst.pdf’ ‘plot_plot_ts_RAW_BIN_enso_sst01.png’ ‘plot_plot_ts_RAW_BIN_enso_sst02.png’ ‘plot_plot_ts_RAW_BIN_enso_sst03.png’ ‘plot_plot_ts_RAW_BIN_enso_sst04.png’ ‘plot_ts_ACER_ABRUPT.pdf’ ‘plot_ts_ACER_ABRUPT01.png’ ‘plot_ts_ACER_ABRUPT02.png’ ‘plot_ts_ACER_ABRUPT03.png’ ‘plot_ts_ACER_ABRUPT04.png’ ‘salida_ACER_ABRUPT.tmp’ ‘scaterplot_scatterplot_ENSO_SST.jpg’ ‘scaterplot_scatterplot_ENSO_SST.pdf’ Flavors: r-devel-linux-x86_64-debian-clang, r-devel-linux-x86_64-debian-gcc, r-devel-linux-x86_64-fedora-clang, r-devel-linux-x86_64-fedora-gcc, r-patched-linux-x86_64, r-release-linux-x86_64