Last updated on 2025-05-19 19:50:35 CEST.
Flavor | Version | Tinstall | Tcheck | Ttotal | Status | Flags |
---|---|---|---|---|---|---|
r-devel-linux-x86_64-debian-clang | 0.1.0 | 93.35 | 303.74 | 397.09 | OK | |
r-devel-linux-x86_64-debian-gcc | 0.1.0 | 65.08 | 254.02 | 319.10 | OK | |
r-devel-linux-x86_64-fedora-clang | 0.1.0 | 642.96 | OK | |||
r-devel-linux-x86_64-fedora-gcc | 0.1.0 | 661.95 | OK | |||
r-devel-windows-x86_64 | 0.1.0 | 104.00 | 311.00 | 415.00 | OK | |
r-patched-linux-x86_64 | 0.1.0 | 82.45 | 278.83 | 361.28 | OK | |
r-release-linux-x86_64 | 0.1.0 | 87.10 | 302.18 | 389.28 | OK | |
r-release-macos-arm64 | 0.1.0 | 185.00 | OK | |||
r-release-macos-x86_64 | 0.1.0 | 392.00 | OK | |||
r-release-windows-x86_64 | 0.1.0 | 101.00 | 305.00 | 406.00 | OK | |
r-oldrel-macos-arm64 | 0.1.0 | 183.00 | NOTE | |||
r-oldrel-macos-x86_64 | 0.1.0 | 323.00 | NOTE | |||
r-oldrel-windows-x86_64 | 0.1.0 | 121.00 | 394.00 | 515.00 | OK |
Version: 0.1.0
Check: installed package size
Result: NOTE
installed size is 7.1Mb
sub-directories of 1Mb or more:
libs 5.7Mb
Flavors: r-oldrel-macos-arm64, r-oldrel-macos-x86_64