Last updated on 2025-05-19 19:50:36 CEST.
Flavor | Version | Tinstall | Tcheck | Ttotal | Status | Flags |
---|---|---|---|---|---|---|
r-devel-linux-x86_64-debian-clang | 1.2-9 | 14.46 | 89.44 | 103.90 | NOTE | |
r-devel-linux-x86_64-debian-gcc | 1.2-9 | 8.35 | 67.33 | 75.68 | NOTE | |
r-devel-linux-x86_64-fedora-clang | 1.2-9 | 163.23 | OK | |||
r-devel-linux-x86_64-fedora-gcc | 1.2-9 | 172.12 | OK | |||
r-devel-windows-x86_64 | 1.2-9 | 13.00 | 138.00 | 151.00 | OK | |
r-patched-linux-x86_64 | 1.2-9 | 12.19 | 84.80 | 96.99 | OK | |
r-release-linux-x86_64 | 1.2-9 | 13.14 | 85.15 | 98.29 | OK | |
r-release-macos-arm64 | 1.2-9 | 69.00 | OK | |||
r-release-macos-x86_64 | 1.2-9 | 120.00 | OK | |||
r-release-windows-x86_64 | 1.2-9 | 14.00 | 143.00 | 157.00 | OK | |
r-oldrel-macos-arm64 | 1.2-9 | 56.00 | OK | |||
r-oldrel-macos-x86_64 | 1.2-9 | 87.00 | OK | |||
r-oldrel-windows-x86_64 | 1.2-9 | 21.00 | 149.00 | 170.00 | OK |
Version: 1.2-9
Check: CRAN incoming feasibility
Result: NOTE
Maintainer: ‘Robin K. S. Hankin <hankin.robin@gmail.com>’
Package CITATION file contains call(s) to old-style citEntry(). Please
use bibentry() instead.
Flavors: r-devel-linux-x86_64-debian-clang, r-devel-linux-x86_64-debian-gcc