Last updated on 2025-05-19 19:50:37 CEST.
Flavor | Version | Tinstall | Tcheck | Ttotal | Status | Flags |
---|---|---|---|---|---|---|
r-devel-linux-x86_64-debian-clang | 1.2 | 3.24 | 30.05 | 33.29 | NOTE | |
r-devel-linux-x86_64-debian-gcc | 1.2 | 2.48 | 22.49 | 24.97 | NOTE | |
r-devel-linux-x86_64-fedora-clang | 1.2 | 53.21 | OK | |||
r-devel-linux-x86_64-fedora-gcc | 1.2 | 48.54 | OK | |||
r-devel-windows-x86_64 | 1.2 | 4.00 | 49.00 | 53.00 | OK | |
r-patched-linux-x86_64 | 1.2 | 3.22 | 28.00 | 31.22 | OK | |
r-release-linux-x86_64 | 1.2 | 3.25 | 28.84 | 32.09 | OK | |
r-release-macos-arm64 | 1.2 | 21.00 | OK | |||
r-release-macos-x86_64 | 1.2 | 44.00 | OK | |||
r-release-windows-x86_64 | 1.2 | 4.00 | 58.00 | 62.00 | OK | |
r-oldrel-macos-arm64 | 1.2 | 22.00 | OK | |||
r-oldrel-macos-x86_64 | 1.2 | 32.00 | OK | |||
r-oldrel-windows-x86_64 | 1.2 | 5.00 | 55.00 | 60.00 | OK |
Version: 1.2
Check: CRAN incoming feasibility
Result: NOTE
Maintainer: ‘Mary C Meyer <meyer@stat.colostate.edu>’
No Authors@R field in DESCRIPTION.
Please add one, modifying
Authors@R: person(given = c("Mary", "C"),
family = "Meyer",
role = c("aut", "cre"),
email = "meyer@stat.colostate.edu")
as necessary.
Flavors: r-devel-linux-x86_64-debian-clang, r-devel-linux-x86_64-debian-gcc