CRAN Package Check Results for Package ConnMatTools

Last updated on 2025-05-19 19:50:37 CEST.

Flavor Version Tinstall Tcheck Ttotal Status Flags
r-devel-linux-x86_64-debian-clang 0.3.5 2.94 71.31 74.25 NOTE
r-devel-linux-x86_64-debian-gcc 0.3.5 2.48 46.63 49.11 NOTE
r-devel-linux-x86_64-fedora-clang 0.3.5 124.94 OK
r-devel-linux-x86_64-fedora-gcc 0.3.5 113.21 OK
r-devel-windows-x86_64 0.3.5 4.00 105.00 109.00 OK
r-patched-linux-x86_64 0.3.5 4.24 67.74 71.98 OK
r-release-linux-x86_64 0.3.5 3.00 65.54 68.54 OK
r-release-macos-arm64 0.3.5 32.00 OK
r-release-macos-x86_64 0.3.5 66.00 OK
r-release-windows-x86_64 0.3.5 5.00 105.00 110.00 OK
r-oldrel-macos-arm64 0.3.5 35.00 OK
r-oldrel-macos-x86_64 0.3.5 60.00 OK
r-oldrel-windows-x86_64 0.3.5 4.00 113.00 117.00 OK

Check Details

Version: 0.3.5
Check: CRAN incoming feasibility
Result: NOTE Maintainer: ‘David M. Kaplan <dmkaplan2000@gmail.com>’ No Authors@R field in DESCRIPTION. Please add one, modifying Authors@R: c(person(given = c("David", "M."), family = "Kaplan", role = c("cre", "aut"), email = "dmkaplan2000@gmail.com"), person(given = "Marco", family = "Andrello", role = "ctb", email = "marco.andrello@gmail.com")) as necessary. Found the following URLs which should use \doi (with the DOI name only): File ‘chile.loco.Rd’: http://dx.doi.org/10.1016/j.pocean.2014.03.011 File ‘damselfish.lods.Rd’: http://dx.doi.org/10.1046/j.1471-8286.2003.00439.x Flavors: r-devel-linux-x86_64-debian-clang, r-devel-linux-x86_64-debian-gcc