Last updated on 2025-05-19 19:50:38 CEST.
Flavor | Version | Tinstall | Tcheck | Ttotal | Status | Flags |
---|---|---|---|---|---|---|
r-devel-linux-x86_64-debian-clang | 1.1.0 | 3.98 | 25.37 | 29.35 | NOTE | |
r-devel-linux-x86_64-debian-gcc | 1.1.0 | 2.84 | 19.35 | 22.19 | NOTE | |
r-devel-linux-x86_64-fedora-clang | 1.1.0 | 48.41 | OK | |||
r-devel-linux-x86_64-fedora-gcc | 1.1.0 | 44.54 | OK | |||
r-devel-windows-x86_64 | 1.1.0 | 8.00 | 48.00 | 56.00 | OK | |
r-patched-linux-x86_64 | 1.1.0 | 4.03 | 23.80 | 27.83 | OK | |
r-release-linux-x86_64 | 1.1.0 | 3.87 | 23.98 | 27.85 | OK | |
r-release-macos-arm64 | 1.1.0 | 18.00 | OK | |||
r-release-macos-x86_64 | 1.1.0 | 30.00 | OK | |||
r-release-windows-x86_64 | 1.1.0 | 7.00 | 47.00 | 54.00 | OK | |
r-oldrel-macos-arm64 | 1.1.0 | 19.00 | OK | |||
r-oldrel-macos-x86_64 | 1.1.0 | 27.00 | OK | |||
r-oldrel-windows-x86_64 | 1.1.0 | 7.00 | 46.00 | 53.00 | OK |
Version: 1.1.0
Check: CRAN incoming feasibility
Result: NOTE
Maintainer: ‘Audrey Q. Fu <audreyqyfu@gmail.com>’
No Authors@R field in DESCRIPTION.
Please add one, modifying
Authors@R: c(person(given = c("Audrey", "Qiuyan"),
family = "Fu",
role = "aut"),
person(given = "Steven",
family = "Russell",
role = "aut"),
person(given = c("Sarah", "J."),
family = "Bray",
role = "aut"),
person(given = "Simon",
family = "Tavare",
role = "aut"),
person(given = c("Audrey", "Q."),
family = "Fu",
role = "cre",
email = "audreyqyfu@gmail.com"))
as necessary.
Flavors: r-devel-linux-x86_64-debian-clang, r-devel-linux-x86_64-debian-gcc