Last updated on 2025-05-19 19:50:40 CEST.
Flavor | Version | Tinstall | Tcheck | Ttotal | Status | Flags |
---|---|---|---|---|---|---|
r-devel-linux-x86_64-debian-clang | 3.2 | 13.09 | 138.40 | 151.49 | NOTE | |
r-devel-linux-x86_64-debian-gcc | 3.2 | 9.30 | 89.19 | 98.49 | NOTE | |
r-devel-linux-x86_64-fedora-clang | 3.2 | 249.05 | OK | |||
r-devel-linux-x86_64-fedora-gcc | 3.2 | 249.86 | OK | |||
r-devel-windows-x86_64 | 3.2 | 17.00 | 150.00 | 167.00 | OK | |
r-patched-linux-x86_64 | 3.2 | 15.98 | 135.00 | 150.98 | OK | |
r-release-linux-x86_64 | 3.2 | 14.36 | 135.13 | 149.49 | OK | |
r-release-macos-arm64 | 3.2 | 65.00 | OK | |||
r-release-macos-x86_64 | 3.2 | 123.00 | OK | |||
r-release-windows-x86_64 | 3.2 | 15.00 | 151.00 | 166.00 | OK | |
r-oldrel-macos-arm64 | 3.2 | 62.00 | OK | |||
r-oldrel-macos-x86_64 | 3.2 | 176.00 | OK | |||
r-oldrel-windows-x86_64 | 3.2 | 21.00 | 184.00 | 205.00 | OK |
Version: 3.2
Check: CRAN incoming feasibility
Result: NOTE
Maintainer: ‘Yun-Hee Choi <yun-hee.choi@schulich.uwo.ca>’
No Authors@R field in DESCRIPTION.
Please add one, modifying
Authors@R: c(person(given = "Yun-Hee",
family = "Choi",
role = c("aut", "cre"),
email = "yun-hee.choi@schulich.uwo.ca"),
person(given = "Karen",
family = "Kopciuk",
role = "aut"),
person(given = "Wenqing",
family = "He",
role = "aut"),
person(given = "Laurent",
family = "Briollais",
role = "aut"))
as necessary.
Flavors: r-devel-linux-x86_64-debian-clang, r-devel-linux-x86_64-debian-gcc