CRAN Package Check Results for Package FinancialMath

Last updated on 2025-05-19 19:50:40 CEST.

Flavor Version Tinstall Tcheck Ttotal Status Flags
r-devel-linux-x86_64-debian-clang 0.1.1 8.26 41.58 49.84 OK
r-devel-linux-x86_64-debian-gcc 0.1.1 4.51 27.98 32.49 OK
r-devel-linux-x86_64-fedora-clang 0.1.1 76.08 OK
r-devel-linux-x86_64-fedora-gcc 0.1.1 73.47 OK
r-devel-windows-x86_64 0.1.1 8.00 59.00 67.00 OK
r-patched-linux-x86_64 0.1.1 8.85 38.84 47.69 OK
r-release-linux-x86_64 0.1.1 7.61 39.19 46.80 OK
r-release-macos-arm64 0.1.1 21.00 OK
r-release-macos-x86_64 0.1.1 39.00 OK
r-release-windows-x86_64 0.1.1 8.00 59.00 67.00 OK
r-oldrel-macos-arm64 0.1.1 22.00 NOTE
r-oldrel-macos-x86_64 0.1.1 35.00 NOTE
r-oldrel-windows-x86_64 0.1.1 8.00 57.00 65.00 NOTE

Check Details

Version: 0.1.1
Check: LazyData
Result: NOTE 'LazyData' is specified without a 'data' directory Flavors: r-oldrel-macos-arm64, r-oldrel-macos-x86_64, r-oldrel-windows-x86_64