Last updated on 2025-05-19 19:50:41 CEST.
Flavor | Version | Tinstall | Tcheck | Ttotal | Status | Flags |
---|---|---|---|---|---|---|
r-devel-linux-x86_64-debian-clang | 1.2.2 | 7.62 | 76.69 | 84.31 | NOTE | |
r-devel-linux-x86_64-debian-gcc | 1.2.2 | 6.32 | 54.01 | 60.33 | NOTE | |
r-devel-linux-x86_64-fedora-clang | 1.2.2 | 124.08 | OK | |||
r-devel-linux-x86_64-fedora-gcc | 1.2.2 | 116.29 | OK | |||
r-devel-windows-x86_64 | 1.2.2 | 10.00 | 80.00 | 90.00 | OK | |
r-patched-linux-x86_64 | 1.2.2 | 7.50 | 66.91 | 74.41 | OK | |
r-release-linux-x86_64 | 1.2.2 | 7.11 | 66.82 | 73.93 | OK | |
r-release-macos-arm64 | 1.2.2 | 56.00 | OK | |||
r-release-macos-x86_64 | 1.2.2 | 81.00 | OK | |||
r-release-windows-x86_64 | 1.2.2 | 10.00 | 86.00 | 96.00 | OK | |
r-oldrel-macos-arm64 | 1.2.2 | 36.00 | OK | |||
r-oldrel-macos-x86_64 | 1.2.2 | 56.00 | OK | |||
r-oldrel-windows-x86_64 | 1.2.2 | 11.00 | 95.00 | 106.00 | OK |
Version: 1.2.2
Check: CRAN incoming feasibility
Result: NOTE
Maintainer: ‘Sanjeev Sariya <sanjeevsariya@gmail.com>’
Package CITATION file contains call(s) to old-style citEntry(). Please
use bibentry() instead.
Flavors: r-devel-linux-x86_64-debian-clang, r-devel-linux-x86_64-debian-gcc