Last updated on 2025-05-19 19:50:42 CEST.
Flavor | Version | Tinstall | Tcheck | Ttotal | Status | Flags |
---|---|---|---|---|---|---|
r-devel-linux-x86_64-debian-clang | 0.1.0 | 21.20 | 100.39 | 121.59 | NOTE | |
r-devel-linux-x86_64-debian-gcc | 0.1.0 | 16.16 | 75.06 | 91.22 | NOTE | |
r-devel-linux-x86_64-fedora-clang | 0.1.0 | 185.25 | OK | |||
r-devel-linux-x86_64-fedora-gcc | 0.1.0 | 186.55 | OK | |||
r-devel-windows-x86_64 | 0.1.0 | 15.00 | 101.00 | 116.00 | OK | |
r-patched-linux-x86_64 | 0.1.0 | 23.37 | 97.03 | 120.40 | OK | |
r-release-linux-x86_64 | 0.1.0 | 22.81 | 96.30 | 119.11 | OK | |
r-release-macos-arm64 | 0.1.0 | 45.00 | OK | |||
r-release-macos-x86_64 | 0.1.0 | 81.00 | OK | |||
r-release-windows-x86_64 | 0.1.0 | 15.00 | 105.00 | 120.00 | OK | |
r-oldrel-macos-arm64 | 0.1.0 | 44.00 | OK | |||
r-oldrel-macos-x86_64 | 0.1.0 | 93.00 | OK | |||
r-oldrel-windows-x86_64 | 0.1.0 | 20.00 | 118.00 | 138.00 | OK |
Version: 0.1.0
Check: CRAN incoming feasibility
Result: NOTE
Maintainer: ‘Ali Ghanbari <a.ghanbari541@gmail.com>’
No Authors@R field in DESCRIPTION.
Please add one, modifying
Authors@R: c(person(given = "Parinaz",
family = "Mehdipour",
role = "aut",
email = "mehdipoor.p@gmail.com"),
person(given = "Ali",
family = "Ghanbari",
role = c("cre", "aut"),
email = "a.ghanbari541@gmail.com"),
person(given = "Iman",
family = "Navidi",
role = "aut",
email = "iman.navidi.1988@gmail.com"),
person(given = "Farshad",
family = "Farzadfar",
role = "cph",
email = "farzadfar3@yahoo.com"))
as necessary.
Flavors: r-devel-linux-x86_64-debian-clang, r-devel-linux-x86_64-debian-gcc