Last updated on 2025-05-19 19:50:42 CEST.
Flavor | Version | Tinstall | Tcheck | Ttotal | Status | Flags |
---|---|---|---|---|---|---|
r-devel-linux-x86_64-debian-clang | 1.0 | 2.78 | 24.88 | 27.66 | NOTE | |
r-devel-linux-x86_64-debian-gcc | 1.0 | 1.92 | 19.48 | 21.40 | NOTE | |
r-devel-linux-x86_64-fedora-clang | 1.0 | 43.71 | OK | |||
r-devel-linux-x86_64-fedora-gcc | 1.0 | 42.07 | OK | |||
r-devel-windows-x86_64 | 1.0 | 3.00 | 43.00 | 46.00 | OK | |
r-patched-linux-x86_64 | 1.0 | 2.36 | 23.83 | 26.19 | OK | |
r-release-linux-x86_64 | 1.0 | 2.69 | 24.07 | 26.76 | OK | |
r-release-macos-arm64 | 1.0 | 18.00 | OK | |||
r-release-macos-x86_64 | 1.0 | 27.00 | OK | |||
r-release-windows-x86_64 | 1.0 | 3.00 | 49.00 | 52.00 | OK | |
r-oldrel-macos-arm64 | 1.0 | 18.00 | OK | |||
r-oldrel-macos-x86_64 | 1.0 | 24.00 | OK | |||
r-oldrel-windows-x86_64 | 1.0 | 5.00 | 48.00 | 53.00 | OK |
Version: 1.0
Check: CRAN incoming feasibility
Result: NOTE
Maintainer: ‘Xin Guo <x.guo@polyu.edu.hk>’
No Authors@R field in DESCRIPTION.
Please add one, modifying
Authors@R: c(person(given = "Xin",
family = "Guo",
role = c("aut", "cre"),
email = "x.guo@polyu.edu.hk"),
person(given = "Qiang",
family = "Fu",
role = "aut",
email = "qiang.fu@ubc.ca"))
as necessary.
Flavors: r-devel-linux-x86_64-debian-clang, r-devel-linux-x86_64-debian-gcc