CRAN Package Check Results for Package HyperbolicDist

Last updated on 2025-05-19 19:50:43 CEST.

Flavor Version Tinstall Tcheck Ttotal Status Flags
r-devel-linux-x86_64-debian-clang 0.6-5 6.49 55.47 61.96 NOTE
r-devel-linux-x86_64-debian-gcc 0.6-5 4.03 39.03 43.06 NOTE
r-devel-linux-x86_64-fedora-clang 0.6-5 95.78 OK
r-devel-linux-x86_64-fedora-gcc 0.6-5 93.24 OK
r-devel-windows-x86_64 0.6-5 11.00 83.00 94.00 OK
r-patched-linux-x86_64 0.6-5 7.99 51.97 59.96 OK
r-release-linux-x86_64 0.6-5 5.60 53.07 58.67 OK
r-release-macos-arm64 0.6-5 31.00 OK
r-release-macos-x86_64 0.6-5 91.00 OK
r-release-windows-x86_64 0.6-5 8.00 93.00 101.00 OK
r-oldrel-macos-arm64 0.6-5 33.00 OK
r-oldrel-macos-x86_64 0.6-5 74.00 OK
r-oldrel-windows-x86_64 0.6-5 7.00 95.00 102.00 OK

Check Details

Version: 0.6-5
Check: CRAN incoming feasibility
Result: NOTE Maintainer: ‘David Scott <d.scott@auckland.ac.nz>’ No Authors@R field in DESCRIPTION. Please add one, modifying Authors@R: person(given = "David", family = "Scott", role = c("aut", "cre"), email = "d.scott@auckland.ac.nz") as necessary. Flavors: r-devel-linux-x86_64-debian-clang, r-devel-linux-x86_64-debian-gcc