Last updated on 2025-05-19 19:50:46 CEST.
Flavor | Version | Tinstall | Tcheck | Ttotal | Status | Flags |
---|---|---|---|---|---|---|
r-devel-linux-x86_64-debian-clang | 1.1.0 | 9.43 | 68.62 | 78.05 | NOTE | |
r-devel-linux-x86_64-debian-gcc | 1.1.0 | 6.46 | 50.10 | 56.56 | NOTE | |
r-devel-linux-x86_64-fedora-clang | 1.1.0 | 118.81 | OK | |||
r-devel-linux-x86_64-fedora-gcc | 1.1.0 | 114.13 | OK | |||
r-devel-windows-x86_64 | 1.1.0 | 10.00 | 76.00 | 86.00 | OK | |
r-patched-linux-x86_64 | 1.1.0 | 6.93 | 65.70 | 72.63 | OK | |
r-release-linux-x86_64 | 1.1.0 | 8.57 | 66.23 | 74.80 | OK | |
r-release-macos-arm64 | 1.1.0 | 42.00 | OK | |||
r-release-macos-x86_64 | 1.1.0 | 78.00 | OK | |||
r-release-windows-x86_64 | 1.1.0 | 10.00 | 89.00 | 99.00 | OK | |
r-oldrel-macos-arm64 | 1.1.0 | 35.00 | OK | |||
r-oldrel-macos-x86_64 | 1.1.0 | 54.00 | OK | |||
r-oldrel-windows-x86_64 | 1.1.0 | 12.00 | 93.00 | 105.00 | OK |
Version: 1.1.0
Check: CRAN incoming feasibility
Result: NOTE
Maintainer: ‘Benoit Liquet <benoit.liquet@qut.edu.au>’
No Authors@R field in DESCRIPTION.
Please add one, modifying
Authors@R: c(person(given = "Benoit",
family = "Liquet",
role = c("aut", "cre"),
email = "benoit.liquet@qut.edu.au"),
person(given = "Matthew",
family = "Sutton",
role = "aut"))
as necessary.
Flavors: r-devel-linux-x86_64-debian-clang, r-devel-linux-x86_64-debian-gcc