Last updated on 2025-05-19 19:50:47 CEST.
Flavor | Version | Tinstall | Tcheck | Ttotal | Status | Flags |
---|---|---|---|---|---|---|
r-devel-linux-x86_64-debian-clang | 0.0.8-11 | 2.40 | 44.08 | 46.48 | NOTE | |
r-devel-linux-x86_64-debian-gcc | 0.0.8-11 | 2.07 | 29.08 | 31.15 | NOTE | |
r-devel-linux-x86_64-fedora-clang | 0.0.8-11 | 77.61 | OK | |||
r-devel-linux-x86_64-fedora-gcc | 0.0.8-11 | 70.84 | OK | |||
r-devel-windows-x86_64 | 0.0.8-11 | 4.00 | 61.00 | 65.00 | OK | |
r-patched-linux-x86_64 | 0.0.8-11 | 2.80 | 41.61 | 44.41 | OK | |
r-release-linux-x86_64 | 0.0.8-11 | 1.90 | 41.16 | 43.06 | OK | |
r-release-macos-arm64 | 0.0.8-11 | 23.00 | OK | |||
r-release-macos-x86_64 | 0.0.8-11 | 46.00 | OK | |||
r-release-windows-x86_64 | 0.0.8-11 | 4.00 | 67.00 | 71.00 | OK | |
r-oldrel-macos-arm64 | 0.0.8-11 | 21.00 | OK | |||
r-oldrel-macos-x86_64 | 0.0.8-11 | 33.00 | OK | |||
r-oldrel-windows-x86_64 | 0.0.8-11 | 3.00 | 73.00 | 76.00 | OK |
Version: 0.0.8-11
Check: CRAN incoming feasibility
Result: NOTE
Maintainer: ‘ZHANG Chen <447974102@qq.com>’
No Authors@R field in DESCRIPTION.
Please add one, modifying
Authors@R: person(given = "ZHANG",
family = "Chen",
role = c("aut", "cre"),
email = "447974102@qq.com")
as necessary.
Flavors: r-devel-linux-x86_64-debian-clang, r-devel-linux-x86_64-debian-gcc