Last updated on 2025-05-19 19:50:46 CEST.
Flavor | Version | Tinstall | Tcheck | Ttotal | Status | Flags |
---|---|---|---|---|---|---|
r-devel-linux-x86_64-debian-clang | 0.1.3 | 50.68 | 116.54 | 167.22 | NOTE | |
r-devel-linux-x86_64-debian-gcc | 0.1.3 | 48.04 | 95.32 | 143.36 | NOTE | |
r-devel-linux-x86_64-fedora-clang | 0.1.3 | 283.52 | NOTE | |||
r-devel-linux-x86_64-fedora-gcc | 0.1.3 | 277.20 | NOTE | |||
r-devel-windows-x86_64 | 0.1.3 | 60.00 | 124.00 | 184.00 | NOTE | |
r-patched-linux-x86_64 | 0.1.3 | 50.07 | 113.03 | 163.10 | NOTE | |
r-release-linux-x86_64 | 0.1.3 | 53.43 | 112.80 | 166.23 | NOTE | |
r-release-macos-arm64 | 0.1.3 | 101.00 | NOTE | |||
r-release-macos-x86_64 | 0.1.3 | 163.00 | NOTE | |||
r-release-windows-x86_64 | 0.1.3 | 59.00 | 129.00 | 188.00 | NOTE | |
r-oldrel-macos-arm64 | 0.1.3 | 87.00 | NOTE | |||
r-oldrel-macos-x86_64 | 0.1.3 | 109.00 | NOTE | |||
r-oldrel-windows-x86_64 | 0.1.3 | 76.00 | 153.00 | 229.00 | OK |
Version: 0.1.3
Check: DESCRIPTION meta-information
Result: NOTE
Missing dependency on R >= 4.1.0 because package code uses the pipe
|> or function shorthand \(...) syntax added in R 4.1.0.
File(s) using such syntax:
‘MetaNLP.R’ ‘delete_functions.R’ ‘useful_functions.R’
Flavors: r-devel-linux-x86_64-debian-clang, r-devel-linux-x86_64-debian-gcc, r-devel-linux-x86_64-fedora-clang, r-devel-linux-x86_64-fedora-gcc, r-devel-windows-x86_64, r-patched-linux-x86_64, r-release-linux-x86_64, r-release-macos-arm64, r-release-macos-x86_64, r-release-windows-x86_64
Version: 0.1.3
Check: installed package size
Result: NOTE
installed size is 5.2Mb
sub-directories of 1Mb or more:
R 4.9Mb
Flavors: r-oldrel-macos-arm64, r-oldrel-macos-x86_64