Last updated on 2025-05-19 19:50:46 CEST.
Flavor | Version | Tinstall | Tcheck | Ttotal | Status | Flags |
---|---|---|---|---|---|---|
r-devel-linux-x86_64-debian-clang | 2.3.7 | 9.24 | 107.22 | 116.46 | NOTE | |
r-devel-linux-x86_64-debian-gcc | 2.3.7 | 5.64 | 67.55 | 73.19 | NOTE | |
r-devel-linux-x86_64-fedora-clang | 2.3.7 | 211.34 | OK | |||
r-devel-linux-x86_64-fedora-gcc | 2.3.7 | 184.16 | OK | |||
r-devel-windows-x86_64 | 2.3.7 | 10.00 | 111.00 | 121.00 | OK | |
r-patched-linux-x86_64 | 2.3.7 | 9.76 | 103.11 | 112.87 | OK | |
r-release-linux-x86_64 | 2.3.7 | 8.96 | 104.11 | 113.07 | OK | |
r-release-macos-arm64 | 2.3.7 | 46.00 | OK | |||
r-release-macos-x86_64 | 2.3.7 | 96.00 | OK | |||
r-release-windows-x86_64 | 2.3.7 | 10.00 | 116.00 | 126.00 | OK | |
r-oldrel-macos-arm64 | 2.3.7 | 46.00 | OK | |||
r-oldrel-macos-x86_64 | 2.3.7 | 78.00 | OK | |||
r-oldrel-windows-x86_64 | 2.3.7 | 13.00 | 138.00 | 151.00 | OK |
Version: 2.3.7
Check: CRAN incoming feasibility
Result: NOTE
Maintainer: ‘Cristina Tortora <grikris1@gmail.com>’
No Authors@R field in DESCRIPTION.
Please add one, modifying
Authors@R: c(person(given = "Cristina",
family = "Tortora",
role = c("aut", "cre", "cph"),
email = "grikris1@gmail.com"),
person(given = "Aisha",
family = "ElSherbiny",
role = "com"),
person(given = c("Ryan", "P."),
family = "Browne",
role = c("aut", "cph")),
person(given = c("Brian", "C."),
family = "Franczak",
role = c("aut", "cph")),
person(given = c("and", "Paul", "D."),
family = "McNicholas",
role = c("aut", "cph")),
person(given = c("Donald", "D."),
family = "Amos.",
role = "ctb"))
as necessary.
Flavors: r-devel-linux-x86_64-debian-clang, r-devel-linux-x86_64-debian-gcc