Last updated on 2025-05-19 19:50:52 CEST.
Flavor | Version | Tinstall | Tcheck | Ttotal | Status | Flags |
---|---|---|---|---|---|---|
r-devel-linux-x86_64-debian-clang | 0.1.2 | 2.19 | 29.43 | 31.62 | NOTE | |
r-devel-linux-x86_64-debian-gcc | 0.1.3 | 1.73 | 26.25 | 27.98 | OK | |
r-devel-linux-x86_64-fedora-clang | 0.1.3 | 64.06 | OK | |||
r-devel-linux-x86_64-fedora-gcc | 0.1.3 | 59.99 | OK | |||
r-devel-windows-x86_64 | 0.1.3 | 3.00 | 59.00 | 62.00 | OK | |
r-patched-linux-x86_64 | 0.1.2 | 2.45 | 27.79 | 30.24 | NOTE | |
r-release-linux-x86_64 | 0.1.2 | 2.42 | 28.13 | 30.55 | NOTE | |
r-release-macos-arm64 | 0.1.3 | 22.00 | OK | |||
r-release-macos-x86_64 | 0.1.3 | 31.00 | OK | |||
r-release-windows-x86_64 | 0.1.3 | 5.00 | 59.00 | 64.00 | OK | |
r-oldrel-macos-arm64 | 0.1.3 | 26.00 | OK | |||
r-oldrel-macos-x86_64 | 0.1.3 | 27.00 | ERROR | |||
r-oldrel-windows-x86_64 | 0.1.2 | 4.00 | 55.00 | 59.00 | OK |
Version: 0.1.2
Check: CRAN incoming feasibility
Result: NOTE
Maintainer: ‘Taiane Schaedler Prass <taianeprass@gmail.com>’
The Description field contains
Regression" <arXiv:2201.03667>.
Please refer to arXiv e-prints via their arXiv DOI <doi:10.48550/arXiv.YYMM.NNNNN>.
Flavor: r-devel-linux-x86_64-debian-clang
Version: 0.1.2
Check: Rd cross-references
Result: NOTE
Found the following Rd file(s) with Rd \link{} targets missing package
anchors:
ddist.Rd: extraDistr
Please provide package anchors for all Rd \link{} targets not in the
package itself and the base packages.
Flavors: r-devel-linux-x86_64-debian-clang, r-patched-linux-x86_64, r-release-linux-x86_64
Version: 0.1.3
Check: whether package can be installed
Result: ERROR
Installation failed.
Flavor: r-oldrel-macos-x86_64