Last updated on 2025-05-19 19:50:50 CEST.
Flavor | Version | Tinstall | Tcheck | Ttotal | Status | Flags |
---|---|---|---|---|---|---|
r-devel-linux-x86_64-debian-clang | 1.5.3 | 6.29 | 64.22 | 70.51 | NOTE | |
r-devel-linux-x86_64-debian-gcc | 1.5.3 | 5.29 | 47.38 | 52.67 | NOTE | |
r-devel-linux-x86_64-fedora-clang | 1.5.3 | 113.06 | OK | |||
r-devel-linux-x86_64-fedora-gcc | 1.5.3 | 105.90 | OK | |||
r-devel-windows-x86_64 | 1.5.3 | 7.00 | 75.00 | 82.00 | OK | |
r-patched-linux-x86_64 | 1.5.3 | 7.07 | 62.69 | 69.76 | OK | |
r-release-linux-x86_64 | 1.5.3 | 6.69 | 61.07 | 67.76 | OK | |
r-release-macos-arm64 | 1.5.3 | 35.00 | OK | |||
r-release-macos-x86_64 | 1.5.3 | 64.00 | OK | |||
r-release-windows-x86_64 | 1.5.3 | 7.00 | 82.00 | 89.00 | OK | |
r-oldrel-macos-arm64 | 1.5.3 | 32.00 | OK | |||
r-oldrel-macos-x86_64 | 1.5.3 | 48.00 | OK | |||
r-oldrel-windows-x86_64 | 1.5.3 | 9.00 | 87.00 | 96.00 | OK |
Version: 1.5.3
Check: CRAN incoming feasibility
Result: NOTE
Maintainer: ‘Ran Gao <rgao8@uic.edu>’
No Authors@R field in DESCRIPTION.
Please add one, modifying
Authors@R: c(person(given = "Hakan",
family = "Demirtas",
role = "aut"),
person(given = "Rachel",
family = "Nordgren",
role = "aut"),
person(given = "Rawan",
family = "Allozi",
role = "aut"),
person(given = "Ran",
family = "Gao",
role = c("aut", "cre"),
email = "rgao8@uic.edu"))
as necessary.
Flavors: r-devel-linux-x86_64-debian-clang, r-devel-linux-x86_64-debian-gcc