CRAN Package Check Results for Package PriorGen

Last updated on 2025-05-19 19:50:51 CEST.

Flavor Version Tinstall Tcheck Ttotal Status Flags
r-devel-linux-x86_64-debian-clang 2.0 2.79 34.26 37.05 NOTE
r-devel-linux-x86_64-debian-gcc 2.0 1.87 27.76 29.63 NOTE
r-devel-linux-x86_64-fedora-clang 2.0 56.10 NOTE
r-devel-linux-x86_64-fedora-gcc 2.0 66.62 NOTE
r-devel-windows-x86_64 2.0 4.00 54.00 58.00 NOTE
r-patched-linux-x86_64 2.0 2.95 32.31 35.26 NOTE
r-release-linux-x86_64 2.0 2.66 32.71 35.37 NOTE
r-release-macos-arm64 2.0 28.00 NOTE
r-release-macos-x86_64 2.0 51.00 NOTE
r-release-windows-x86_64 2.0 4.00 61.00 65.00 NOTE
r-oldrel-macos-arm64 2.0 27.00 NOTE
r-oldrel-macos-x86_64 2.0 41.00 NOTE
r-oldrel-windows-x86_64 2.0 4.00 61.00 65.00 NOTE

Check Details

Version: 2.0
Check: Rd files
Result: NOTE checkRd: (-1) findbeta.Rd:20: Lost braces; missing escapes or markup? 20 | \item{lower.v}{logical, if TRUE the specified percentile.value is the upper limit for the mean (or the median or the mode) at the specified confidence level (percentile). If {FALSE} the specified percentile.value is the lower limit for the mean (or the median or the mode) at the specified confidence level (percentile). The default is FALSE.} | ^ Flavors: r-devel-linux-x86_64-debian-clang, r-devel-linux-x86_64-debian-gcc, r-devel-linux-x86_64-fedora-clang, r-devel-linux-x86_64-fedora-gcc, r-devel-windows-x86_64, r-patched-linux-x86_64, r-release-linux-x86_64, r-release-macos-arm64, r-release-macos-x86_64, r-release-windows-x86_64, r-oldrel-macos-arm64, r-oldrel-macos-x86_64, r-oldrel-windows-x86_64