Last updated on 2025-05-19 19:50:51 CEST.
Flavor | Version | Tinstall | Tcheck | Ttotal | Status | Flags |
---|---|---|---|---|---|---|
r-devel-linux-x86_64-debian-clang | 1.0.8 | 2.95 | 40.78 | 43.73 | NOTE | |
r-devel-linux-x86_64-debian-gcc | 1.0.8 | 2.10 | 29.41 | 31.51 | NOTE | |
r-devel-linux-x86_64-fedora-clang | 1.0.8 | 68.35 | OK | |||
r-devel-linux-x86_64-fedora-gcc | 1.0.8 | 65.13 | OK | |||
r-devel-windows-x86_64 | 1.0.8 | 5.00 | 65.00 | 70.00 | OK | |
r-patched-linux-x86_64 | 1.0.8 | 3.87 | 38.27 | 42.14 | OK | |
r-release-linux-x86_64 | 1.0.8 | 2.95 | 38.75 | 41.70 | OK | |
r-release-macos-arm64 | 1.0.8 | 38.00 | OK | |||
r-release-macos-x86_64 | 1.0.8 | 50.00 | OK | |||
r-release-windows-x86_64 | 1.0.8 | 5.00 | 64.00 | 69.00 | OK | |
r-oldrel-macos-arm64 | 1.0.8 | 27.00 | OK | |||
r-oldrel-macos-x86_64 | 1.0.8 | 43.00 | OK | |||
r-oldrel-windows-x86_64 | 1.0.8 | 6.00 | 77.00 | 83.00 | OK |
Version: 1.0.8
Check: CRAN incoming feasibility
Result: NOTE
Maintainer: ‘Eric Coissac <eric.coissac@metabarcoding.org>’
No Authors@R field in DESCRIPTION.
Please add one, modifying
Authors@R: c(person(given = "Eric",
family = "Coissac",
role = c("aut", "cre"),
email = "eric.coissac@metabarcoding.org"),
person(given = "Christelle",
family = "Gonindard-Melodelima",
role = "aut"))
as necessary.
Flavors: r-devel-linux-x86_64-debian-clang, r-devel-linux-x86_64-debian-gcc