Last updated on 2025-05-19 19:50:54 CEST.
Flavor | Version | Tinstall | Tcheck | Ttotal | Status | Flags |
---|---|---|---|---|---|---|
r-devel-linux-x86_64-debian-clang | 2.0.4 | 6.30 | 54.76 | 61.06 | NOTE | |
r-devel-linux-x86_64-debian-gcc | 2.0.4 | 5.42 | 42.21 | 47.63 | NOTE | |
r-devel-linux-x86_64-fedora-clang | 2.0.4 | 95.85 | OK | |||
r-devel-linux-x86_64-fedora-gcc | 2.0.4 | 92.99 | OK | |||
r-devel-windows-x86_64 | 2.0.4 | 11.00 | 75.00 | 86.00 | NOTE | |
r-patched-linux-x86_64 | 2.0.4 | 7.92 | 52.83 | 60.75 | NOTE | |
r-release-linux-x86_64 | 2.0.4 | 6.55 | 53.74 | 60.29 | NOTE | |
r-release-macos-arm64 | 2.0.4 | 33.00 | OK | |||
r-release-macos-x86_64 | 2.0.4 | 59.00 | OK | |||
r-release-windows-x86_64 | 2.0.4 | 10.00 | 84.00 | 94.00 | NOTE | |
r-oldrel-macos-arm64 | 2.0.4 | 31.00 | OK | |||
r-oldrel-macos-x86_64 | 2.0.4 | 62.00 | OK | |||
r-oldrel-windows-x86_64 | 2.0.4 | 12.00 | 89.00 | 101.00 | OK |
Version: 2.0.4
Check: Rd cross-references
Result: NOTE
Found the following Rd file(s) with Rd \link{} targets missing package
anchors:
rmad.Rd: Matrix
rsc.Rd: Matrix
Please provide package anchors for all Rd \link{} targets not in the
package itself and the base packages.
Flavors: r-devel-linux-x86_64-debian-clang, r-devel-linux-x86_64-debian-gcc, r-devel-windows-x86_64, r-patched-linux-x86_64, r-release-linux-x86_64, r-release-windows-x86_64