Last updated on 2025-05-19 19:50:56 CEST.
Flavor | Version | Tinstall | Tcheck | Ttotal | Status | Flags |
---|---|---|---|---|---|---|
r-devel-linux-x86_64-debian-clang | 1.1 | 7.30 | 59.42 | 66.72 | NOTE | |
r-devel-linux-x86_64-debian-gcc | 1.1 | 5.38 | 44.41 | 49.79 | NOTE | |
r-devel-linux-x86_64-fedora-clang | 1.1 | 101.33 | OK | |||
r-devel-linux-x86_64-fedora-gcc | 1.1 | 100.74 | OK | |||
r-devel-windows-x86_64 | 1.1 | 8.00 | 69.00 | 77.00 | OK | |
r-patched-linux-x86_64 | 1.1 | 6.55 | 56.52 | 63.07 | OK | |
r-release-linux-x86_64 | 1.1 | 7.14 | 56.88 | 64.02 | OK | |
r-release-macos-arm64 | 1.1 | 44.00 | OK | |||
r-release-macos-x86_64 | 1.1 | 63.00 | OK | |||
r-release-windows-x86_64 | 1.1 | 7.00 | 76.00 | 83.00 | OK | |
r-oldrel-macos-arm64 | 1.1 | 33.00 | OK | |||
r-oldrel-macos-x86_64 | 1.1 | 47.00 | OK | |||
r-oldrel-windows-x86_64 | 1.1 | 10.00 | 81.00 | 91.00 | OK |
Version: 1.1
Check: CRAN incoming feasibility
Result: NOTE
Maintainer: ‘Yi Yang <yi.yang6@mcgill.ca>’
No Authors@R field in DESCRIPTION.
Please add one, modifying
Authors@R: c(person(given = "Chenglong",
family = "Ye",
role = "aut",
email = "yexxx323@umn.edu"),
person(given = "Yi",
family = "Yang",
role = c("aut", "cre"),
email = "yi.yang6@mcgill.ca"),
person(given = "Yuhong",
family = "Yang",
role = "aut",
email = "yyang@stat.umn.edu"))
as necessary.
Flavors: r-devel-linux-x86_64-debian-clang, r-devel-linux-x86_64-debian-gcc