Last updated on 2025-05-19 19:50:59 CEST.
Flavor | Version | Tinstall | Tcheck | Ttotal | Status | Flags |
---|---|---|---|---|---|---|
r-devel-linux-x86_64-debian-clang | 0.1.2 | 6.19 | 106.76 | 112.95 | OK | |
r-devel-linux-x86_64-debian-gcc | 0.1.2 | 4.52 | 74.03 | 78.55 | OK | |
r-devel-linux-x86_64-fedora-clang | 0.1.2 | 179.35 | NOTE | |||
r-devel-linux-x86_64-fedora-gcc | 0.1.2 | 182.46 | NOTE | |||
r-devel-windows-x86_64 | 0.1.2 | 7.00 | 113.00 | 120.00 | OK | |
r-patched-linux-x86_64 | 0.1.2 | 6.59 | 101.47 | 108.06 | OK | |
r-release-linux-x86_64 | 0.1.2 | 5.16 | 101.89 | 107.05 | OK | |
r-release-macos-arm64 | 0.1.2 | 51.00 | OK | |||
r-release-macos-x86_64 | 0.1.2 | 116.00 | OK | |||
r-release-windows-x86_64 | 0.1.2 | 10.00 | 109.00 | 119.00 | OK | |
r-oldrel-macos-arm64 | 0.1.2 | 52.00 | OK | |||
r-oldrel-macos-x86_64 | 0.1.2 | 84.00 | OK | |||
r-oldrel-windows-x86_64 | 0.1.2 | 11.00 | 251.00 | 262.00 | OK |
Version: 0.1.2
Check: dependencies in R code
Result: NOTE
Namespaces in Imports field not imported from:
‘MASS’ ‘base’ ‘graphics’ ‘janitor’ ‘rlang’ ‘testthat’ ‘utils’
All declared Imports should be used.
Flavors: r-devel-linux-x86_64-fedora-clang, r-devel-linux-x86_64-fedora-gcc