Last updated on 2025-05-19 19:51:00 CEST.
Flavor | Version | Tinstall | Tcheck | Ttotal | Status | Flags |
---|---|---|---|---|---|---|
r-devel-linux-x86_64-debian-clang | 0.2.0 | 23.23 | 34.24 | 57.47 | OK | |
r-devel-linux-x86_64-debian-gcc | 0.2.0 | 18.26 | 25.88 | 44.14 | OK | |
r-devel-linux-x86_64-fedora-clang | 0.2.0 | 88.47 | OK | |||
r-devel-linux-x86_64-fedora-gcc | 0.2.0 | 87.17 | OK | |||
r-devel-windows-x86_64 | 0.2.0 | 22.00 | 74.00 | 96.00 | OK | |
r-patched-linux-x86_64 | 0.2.0 | 22.80 | 31.30 | 54.10 | OK | |
r-release-linux-x86_64 | 0.2.0 | 22.74 | 31.87 | 54.61 | OK | |
r-release-macos-arm64 | 0.2.0 | 39.00 | OK | |||
r-release-macos-x86_64 | 0.2.0 | 68.00 | OK | |||
r-release-windows-x86_64 | 0.2.0 | 23.00 | 78.00 | 101.00 | OK | |
r-oldrel-macos-arm64 | 0.2.0 | 38.00 | NOTE | |||
r-oldrel-macos-x86_64 | 0.2.0 | 50.00 | NOTE | |||
r-oldrel-windows-x86_64 | 0.2.0 | 22.00 | 71.00 | 93.00 | NOTE |
Version: 0.2.0
Check: installed package size
Result: NOTE
installed size is 7.3Mb
sub-directories of 1Mb or more:
data 7.1Mb
Flavors: r-oldrel-macos-arm64, r-oldrel-macos-x86_64, r-oldrel-windows-x86_64