Last updated on 2025-05-19 19:50:34 CEST.
Flavor | Version | Tinstall | Tcheck | Ttotal | Status | Flags |
---|---|---|---|---|---|---|
r-devel-linux-x86_64-debian-clang | 0.3.0 | 5.38 | 54.35 | 59.73 | OK | |
r-devel-linux-x86_64-debian-gcc | 0.3.0 | 4.00 | 39.78 | 43.78 | OK | |
r-devel-linux-x86_64-fedora-clang | 0.3.0 | 90.85 | OK | |||
r-devel-linux-x86_64-fedora-gcc | 0.3.0 | 102.47 | OK | |||
r-devel-windows-x86_64 | 0.3.0 | 10.00 | 78.00 | 88.00 | OK | |
r-patched-linux-x86_64 | 0.3.0 | 5.58 | 49.40 | 54.98 | OK | |
r-release-linux-x86_64 | 0.3.0 | 5.38 | 49.25 | 54.63 | OK | |
r-release-macos-arm64 | 0.3.0 | 48.00 | OK | |||
r-release-macos-x86_64 | 0.3.0 | 59.00 | OK | |||
r-release-windows-x86_64 | 0.3.0 | 8.00 | 72.00 | 80.00 | OK | |
r-oldrel-macos-arm64 | 0.3.0 | 33.00 | NOTE | |||
r-oldrel-macos-x86_64 | 0.3.0 | 50.00 | NOTE | |||
r-oldrel-windows-x86_64 | 0.3.0 | 9.00 | 82.00 | 91.00 | NOTE |
Version: 0.3.0
Check: LazyData
Result: NOTE
'LazyData' is specified without a 'data' directory
Flavors: r-oldrel-macos-arm64, r-oldrel-macos-x86_64, r-oldrel-windows-x86_64