CRAN Package Check Results for Package areabiplot

Last updated on 2025-05-19 07:49:42 CEST.

Flavor Version Tinstall Tcheck Ttotal Status Flags
r-devel-linux-x86_64-debian-clang 1.0.0 1.54 19.92 21.46 OK
r-devel-linux-x86_64-debian-gcc 1.0.0 1.37 16.13 17.50 OK
r-devel-linux-x86_64-fedora-clang 1.0.0 34.71 OK
r-devel-linux-x86_64-fedora-gcc 1.0.0 32.54 OK
r-devel-windows-x86_64 1.0.0 3.00 54.00 57.00 OK
r-patched-linux-x86_64 1.0.0 1.57 18.94 20.51 OK
r-release-linux-x86_64 1.0.0 1.67 19.02 20.69 OK
r-release-macos-arm64 1.0.0 17.00 OK
r-release-macos-x86_64 1.0.0 25.00 OK
r-release-windows-x86_64 1.0.0 2.00 57.00 59.00 OK
r-oldrel-macos-arm64 1.0.0 16.00 NOTE
r-oldrel-macos-x86_64 1.0.0 23.00 NOTE
r-oldrel-windows-x86_64 1.0.0 3.00 48.00 51.00 NOTE

Check Details

Version: 1.0.0
Check: LazyData
Result: NOTE 'LazyData' is specified without a 'data' directory Flavors: r-oldrel-macos-arm64, r-oldrel-macos-x86_64, r-oldrel-windows-x86_64