Last updated on 2025-05-19 19:50:34 CEST.
Flavor | Version | Tinstall | Tcheck | Ttotal | Status | Flags |
---|---|---|---|---|---|---|
r-devel-linux-x86_64-debian-clang | 1.0.0 | 2.04 | 37.53 | 39.57 | OK | |
r-devel-linux-x86_64-debian-gcc | 1.0.0 | 1.95 | 29.31 | 31.26 | OK | |
r-devel-linux-x86_64-fedora-clang | 1.0.0 | 64.57 | NOTE | |||
r-devel-linux-x86_64-fedora-gcc | 1.0.0 | 76.55 | NOTE | |||
r-devel-windows-x86_64 | 1.0.0 | 6.00 | 66.00 | 72.00 | OK | |
r-patched-linux-x86_64 | 1.0.0 | 2.49 | 34.51 | 37.00 | OK | |
r-release-linux-x86_64 | 1.0.0 | 2.80 | 34.74 | 37.54 | OK | |
r-release-macos-arm64 | 1.0.0 | 28.00 | OK | |||
r-release-macos-x86_64 | 1.0.0 | 49.00 | OK | |||
r-release-windows-x86_64 | 1.0.0 | 7.00 | 61.00 | 68.00 | OK | |
r-oldrel-macos-arm64 | 1.0.0 | 28.00 | OK | |||
r-oldrel-macos-x86_64 | 1.0.0 | 44.00 | OK | |||
r-oldrel-windows-x86_64 | 1.0.0 | 7.00 | 64.00 | 71.00 | OK |
Version: 1.0.0
Check: dependencies in R code
Result: NOTE
Namespaces in Imports field not imported from:
‘purrr’ ‘shinyBS’ ‘shinydashboard’ ‘shinyjs’
All declared Imports should be used.
Flavors: r-devel-linux-x86_64-fedora-clang, r-devel-linux-x86_64-fedora-gcc