Last updated on 2025-05-19 19:50:34 CEST.
Flavor | Version | Tinstall | Tcheck | Ttotal | Status | Flags |
---|---|---|---|---|---|---|
r-devel-linux-x86_64-debian-clang | 0.1.0 | 5.77 | 88.94 | 94.71 | NOTE | |
r-devel-linux-x86_64-debian-gcc | 0.1.0 | 3.67 | 58.92 | 62.59 | NOTE | |
r-devel-linux-x86_64-fedora-clang | 0.1.0 | 143.16 | NOTE | |||
r-devel-linux-x86_64-fedora-gcc | 0.1.0 | 149.70 | NOTE | |||
r-devel-windows-x86_64 | 0.1.0 | 8.00 | 107.00 | 115.00 | NOTE | |
r-patched-linux-x86_64 | 0.1.0 | 5.61 | 80.28 | 85.89 | NOTE | |
r-release-linux-x86_64 | 0.1.0 | 3.62 | 80.29 | 83.91 | NOTE | |
r-release-macos-arm64 | 0.1.0 | 75.00 | NOTE | |||
r-release-macos-x86_64 | 0.1.0 | 128.00 | NOTE | |||
r-release-windows-x86_64 | 0.1.0 | 8.00 | 102.00 | 110.00 | NOTE | |
r-oldrel-macos-arm64 | 0.1.0 | 49.00 | OK | |||
r-oldrel-macos-x86_64 | 0.1.0 | 104.00 | OK | |||
r-oldrel-windows-x86_64 | 0.1.0 | 9.00 | 118.00 | 127.00 | OK |
Version: 0.1.0
Check: DESCRIPTION meta-information
Result: NOTE
Missing dependency on R >= 4.1.0 because package code uses the pipe
|> or function shorthand \(...) syntax added in R 4.1.0.
File(s) using such syntax:
‘art_pals.R’ ‘art_pals.Rd’ ‘circle_data.R’ ‘circle_data.Rd’
‘grid_maker.R’ ‘group_numbers.R’ ‘packer.R’ ‘packer.Rd’ ‘rotator.R’
‘square_data.R’ ‘square_data.Rd’ ‘wave_data.R’ ‘wave_data.Rd’
Flavors: r-devel-linux-x86_64-debian-clang, r-devel-linux-x86_64-debian-gcc, r-devel-linux-x86_64-fedora-clang, r-devel-linux-x86_64-fedora-gcc, r-devel-windows-x86_64, r-patched-linux-x86_64, r-release-linux-x86_64, r-release-macos-arm64, r-release-macos-x86_64, r-release-windows-x86_64