CRAN Package Check Results for Package atmopt

Last updated on 2025-05-19 19:50:34 CEST.

Flavor Version Tinstall Tcheck Ttotal Status Flags
r-devel-linux-x86_64-debian-clang 0.1.0 2.74 28.72 31.46 NOTE
r-devel-linux-x86_64-debian-gcc 0.1.0 2.41 23.07 25.48 NOTE
r-devel-linux-x86_64-fedora-clang 0.1.0 48.92 OK
r-devel-linux-x86_64-fedora-gcc 0.1.0 47.01 OK
r-devel-windows-x86_64 0.1.0 4.00 58.00 62.00 OK
r-patched-linux-x86_64 0.1.0 3.21 27.24 30.45 OK
r-release-linux-x86_64 0.1.0 3.08 28.25 31.33 OK
r-release-macos-arm64 0.1.0 20.00 OK
r-release-macos-x86_64 0.1.0 34.00 OK
r-release-windows-x86_64 0.1.0 5.00 51.00 56.00 OK
r-oldrel-macos-arm64 0.1.0 19.00 NOTE
r-oldrel-macos-x86_64 0.1.0 29.00 NOTE
r-oldrel-windows-x86_64 0.1.0 5.00 55.00 60.00 NOTE

Check Details

Version: 0.1.0
Check: CRAN incoming feasibility
Result: NOTE Maintainer: ‘Simon Mak <smak6@gatech.edu>’ No Authors@R field in DESCRIPTION. Please add one, modifying Authors@R: person(given = "Simon", family = "Mak", role = c("aut", "cre"), email = "smak6@gatech.edu") as necessary. The Description field contains <arXiv:1712.03589>. This work was supported by USARO grant Please refer to arXiv e-prints via their arXiv DOI <doi:10.48550/arXiv.YYMM.NNNNN>. Found the following \keyword or \concept entries which likely give several index terms: File ‘atmopt-package.Rd’: \keyword{ Robust optimization, discrete optimizati [TRUNCATED] Flavors: r-devel-linux-x86_64-debian-clang, r-devel-linux-x86_64-debian-gcc

Version: 0.1.0
Check: LazyData
Result: NOTE 'LazyData' is specified without a 'data' directory Flavors: r-oldrel-macos-arm64, r-oldrel-macos-x86_64, r-oldrel-windows-x86_64