Last updated on 2025-05-19 19:50:35 CEST.
Flavor | Version | Tinstall | Tcheck | Ttotal | Status | Flags |
---|---|---|---|---|---|---|
r-devel-linux-x86_64-debian-clang | 0.1.0 | 6.91 | 127.15 | 134.06 | NOTE | |
r-devel-linux-x86_64-debian-gcc | 0.1.0 | 4.87 | 86.12 | 90.99 | NOTE | |
r-devel-linux-x86_64-fedora-clang | 0.1.0 | 205.09 | NOTE | |||
r-devel-linux-x86_64-fedora-gcc | 0.1.0 | 218.39 | NOTE | |||
r-devel-windows-x86_64 | 0.1.0 | 9.00 | 124.00 | 133.00 | OK | |
r-patched-linux-x86_64 | 0.1.0 | 6.73 | 121.15 | 127.88 | OK | |
r-release-linux-x86_64 | 0.1.0 | 5.51 | 119.93 | 125.44 | OK | |
r-release-macos-arm64 | 0.1.0 | 59.00 | OK | |||
r-release-macos-x86_64 | 0.1.0 | 120.00 | OK | |||
r-release-windows-x86_64 | 0.1.0 | 9.00 | 123.00 | 132.00 | OK | |
r-oldrel-macos-arm64 | 0.1.0 | 59.00 | OK | |||
r-oldrel-macos-x86_64 | 0.1.0 | 86.00 | OK | |||
r-oldrel-windows-x86_64 | 0.1.0 | 10.00 | 159.00 | 169.00 | OK |
Version: 0.1.0
Check: CRAN incoming feasibility
Result: NOTE
Maintainer: ‘Deepankar Basu <dbasu@umass.edu>’
The Description field contains
to the method of Basu (2022) <arXiv:2203.12431>. You supply the data,
Please refer to arXiv e-prints via their arXiv DOI <doi:10.48550/arXiv.YYMM.NNNNN>.
Flavors: r-devel-linux-x86_64-debian-clang, r-devel-linux-x86_64-debian-gcc
Version: 0.1.0
Check: dependencies in R code
Result: NOTE
Namespace in Imports field not imported from: ‘vtable’
All declared Imports should be used.
Flavors: r-devel-linux-x86_64-fedora-clang, r-devel-linux-x86_64-fedora-gcc