Last updated on 2025-05-19 19:50:35 CEST.
Flavor | Version | Tinstall | Tcheck | Ttotal | Status | Flags |
---|---|---|---|---|---|---|
r-devel-linux-x86_64-debian-clang | 1.6 | 11.61 | 47.14 | 58.75 | NOTE | |
r-devel-linux-x86_64-debian-gcc | 1.6 | 6.87 | 32.98 | 39.85 | NOTE | |
r-devel-linux-x86_64-fedora-clang | 1.6 | 95.80 | OK | |||
r-devel-linux-x86_64-fedora-gcc | 1.6 | 90.17 | OK | |||
r-devel-windows-x86_64 | 1.6 | 11.00 | 68.00 | 79.00 | OK | |
r-patched-linux-x86_64 | 1.6 | 9.77 | 44.52 | 54.29 | OK | |
r-release-linux-x86_64 | 1.6 | 10.07 | 45.05 | 55.12 | OK | |
r-release-macos-arm64 | 1.6 | 41.00 | OK | |||
r-release-macos-x86_64 | 1.6 | 87.00 | OK | |||
r-release-windows-x86_64 | 1.6 | 10.00 | 70.00 | 80.00 | OK | |
r-oldrel-macos-arm64 | 1.6 | 31.00 | OK | |||
r-oldrel-macos-x86_64 | 1.6 | 58.00 | OK | |||
r-oldrel-windows-x86_64 | 1.6 | 14.00 | 74.00 | 88.00 | OK |
Version: 1.6
Check: CRAN incoming feasibility
Result: NOTE
Maintainer: ‘Riko Kelter <riko_k@gmx.de>’
No Authors@R field in DESCRIPTION.
Please add one, modifying
Authors@R: person(given = "Riko",
family = "Kelter",
role = c("aut", "cre"),
email = "riko_k@gmx.de")
as necessary.
The Description field contains
mixtures, see Kelter (2019) <arXiv:1906.07524>.
Please refer to arXiv e-prints via their arXiv DOI <doi:10.48550/arXiv.YYMM.NNNNN>.
Flavors: r-devel-linux-x86_64-debian-clang, r-devel-linux-x86_64-debian-gcc