Last updated on 2025-05-19 19:50:35 CEST.
Flavor | Version | Tinstall | Tcheck | Ttotal | Status | Flags |
---|---|---|---|---|---|---|
r-devel-linux-x86_64-debian-clang | 1.1.2 | 2.20 | 26.75 | 28.95 | NOTE | |
r-devel-linux-x86_64-debian-gcc | 1.1.2 | 1.71 | 21.41 | 23.12 | NOTE | |
r-devel-linux-x86_64-fedora-clang | 1.1.2 | 44.35 | OK | |||
r-devel-linux-x86_64-fedora-gcc | 1.1.2 | 41.91 | OK | |||
r-devel-windows-x86_64 | 1.1.2 | 3.00 | 59.00 | 62.00 | OK | |
r-patched-linux-x86_64 | 1.1.2 | 2.92 | 24.62 | 27.54 | OK | |
r-release-linux-x86_64 | 1.1.2 | 2.38 | 24.67 | 27.05 | OK | |
r-release-macos-arm64 | 1.1.2 | 21.00 | OK | |||
r-release-macos-x86_64 | 1.1.2 | 48.00 | OK | |||
r-release-windows-x86_64 | 1.1.2 | 5.00 | 59.00 | 64.00 | OK | |
r-oldrel-macos-arm64 | 1.1.2 | 22.00 | OK | |||
r-oldrel-macos-x86_64 | 1.1.2 | 44.00 | OK | |||
r-oldrel-windows-x86_64 | 1.1.2 | 3.00 | 54.00 | 57.00 | OK |
Version: 1.1.2
Check: CRAN incoming feasibility
Result: NOTE
Maintainer: ‘Marc Henrion <mhenrion@mlw.mw>’
Package CITATION file contains call(s) to old-style personList() or
as.personList(). Please use c() on person objects instead.
Package CITATION file contains call(s) to old-style citEntry(). Please
use bibentry() instead.
Flavors: r-devel-linux-x86_64-debian-clang, r-devel-linux-x86_64-debian-gcc