CRAN Package Check Results for Package cbsodataR

Last updated on 2025-05-19 19:50:36 CEST.

Flavor Version Tinstall Tcheck Ttotal Status Flags
r-devel-linux-x86_64-debian-clang 1.1 3.21 36.90 40.11 NOTE
r-devel-linux-x86_64-debian-gcc 1.1 2.38 28.42 30.80 NOTE
r-devel-linux-x86_64-fedora-clang 1.1 63.07 NOTE
r-devel-linux-x86_64-fedora-gcc 1.1 75.25 NOTE
r-devel-windows-x86_64 1.1 4.00 76.00 80.00 NOTE
r-patched-linux-x86_64 1.1 4.05 35.52 39.57 NOTE
r-release-linux-x86_64 1.1 2.89 35.24 38.13 NOTE
r-release-macos-arm64 1.1 30.00 NOTE
r-release-macos-x86_64 1.1 66.00 NOTE
r-release-windows-x86_64 1.1 6.00 70.00 76.00 NOTE
r-oldrel-macos-arm64 1.1 34.00 OK
r-oldrel-macos-x86_64 1.1 78.00 OK
r-oldrel-windows-x86_64 1.1 6.00 81.00 87.00 OK

Check Details

Version: 1.1
Check: DESCRIPTION meta-information
Result: NOTE Missing dependency on R >= 4.1.0 because package code uses the pipe |> or function shorthand \(...) syntax added in R 4.1.0. File(s) using such syntax: ‘cbs_add_statcode_column.Rd’ ‘cbs_add_unit_column.Rd’ ‘cbs_get_maps.Rd’ ‘cbs_get_sf.R’ ‘cbs_get_sf.Rd’ ‘cbs_join_sf_with_data.Rd’ Flavors: r-devel-linux-x86_64-debian-clang, r-devel-linux-x86_64-debian-gcc, r-devel-linux-x86_64-fedora-clang, r-devel-linux-x86_64-fedora-gcc, r-devel-windows-x86_64, r-patched-linux-x86_64, r-release-linux-x86_64, r-release-macos-arm64, r-release-macos-x86_64, r-release-windows-x86_64