Last updated on 2025-05-19 19:50:36 CEST.
Flavor | Version | Tinstall | Tcheck | Ttotal | Status | Flags |
---|---|---|---|---|---|---|
r-devel-linux-x86_64-debian-clang | 0.4-11 | 2.87 | 70.95 | 73.82 | OK | |
r-devel-linux-x86_64-debian-gcc | 0.4-11 | 2.76 | 54.96 | 57.72 | OK | |
r-devel-linux-x86_64-fedora-clang | 0.4-11 | 110.24 | OK | |||
r-devel-linux-x86_64-fedora-gcc | 0.4-11 | 120.83 | OK | |||
r-devel-windows-x86_64 | 0.4-11 | 7.00 | 109.00 | 116.00 | OK | |
r-patched-linux-x86_64 | 0.4-11 | 3.24 | 67.62 | 70.86 | OK | |
r-release-linux-x86_64 | 0.4-11 | 2.94 | 68.60 | 71.54 | OK | |
r-release-macos-arm64 | 0.4-11 | 51.00 | OK | |||
r-release-macos-x86_64 | 0.4-11 | 64.00 | ERROR | |||
r-release-windows-x86_64 | 0.4-11 | 8.00 | 108.00 | 116.00 | OK | |
r-oldrel-macos-arm64 | 0.4-11 | 49.00 | OK | |||
r-oldrel-macos-x86_64 | 0.4-11 | 136.00 | OK | |||
r-oldrel-windows-x86_64 | 0.4-11 | 9.00 | 110.00 | 119.00 | OK |
Version: 0.4-11
Check: re-building of vignette outputs
Result: ERROR
Error(s) in re-building vignettes:
--- re-building ‘headtailsR.Rmd’ using rmarkdown
Error: processing vignette 'headtailsR.Rmd' failed with diagnostics:
there is no package called ‘sass’
--- failed re-building ‘headtailsR.Rmd’
SUMMARY: processing the following file failed:
‘headtailsR.Rmd’
Error: Vignette re-building failed.
Execution halted
Flavor: r-release-macos-x86_64